{"id":98,"date":"2020-03-01T18:32:48","date_gmt":"2020-03-01T18:32:48","guid":{"rendered":"https:\/\/clunyportugal.com\/ppsjc\/?page_id=98"},"modified":"2025-03-18T19:44:45","modified_gmt":"2025-03-18T19:44:45","slug":"centro-social-da-paroquia-de-s-sebastiao-da-pedreira","status":"publish","type":"page","link":"https:\/\/clunyportugal.com\/ppsjc\/centro-social-da-paroquia-de-s-sebastiao-da-pedreira\/","title":{"rendered":"Centro Social da Par\u00f3quia de S. Sebasti\u00e3o da Pedreira"},"content":{"rendered":"\n<p class=\"has-medium-font-size\"><strong>Comunidade Santo Ant\u00f3nio<\/strong><\/p>\n\n\n\n<p>Rua Tom\u00e1s Ribeiro, 62<br>1050 \u2013 231 LISBOA<br>Tel: 213 546 110<br><strong>E-mail:&nbsp;<\/strong><a href=\"mailto:clunylisboa62@gmail.com\">clunylisboa62@gmail.com<\/a><\/p>\n\n\n\n<p class=\"has-medium-font-size\"><strong>Centro Social da Par\u00f3quia de S. Sebasti\u00e3o da Pedreira<\/strong><\/p>\n\n\n\n<p>Rua Tom\u00e1s Ribeiro, 62<br>1050 \u2013 231 LISBOA<br>Tel: 213 546 110<br><strong>E-mail:&nbsp;<\/strong><a href=\"mailto:clunylisboa62@gmail.com\">clunylisboa62@gmail.com<\/a><\/p>\n\n\n\n<p><\/p>\n\n\n\n<figure class=\"wp-block-image size-large\"><img loading=\"lazy\" decoding=\"async\" width=\"1024\" height=\"692\" src=\"https:\/\/clunyportugal.com\/ppsjc\/wp-content\/uploads\/2020\/03\/quem_somos-1024x692.jpg\" alt=\"\" class=\"wp-image-99\" srcset=\"https:\/\/clunyportugal.com\/ppsjc\/wp-content\/uploads\/2020\/03\/quem_somos-1024x692.jpg 1024w, https:\/\/clunyportugal.com\/ppsjc\/wp-content\/uploads\/2020\/03\/quem_somos-300x203.jpg 300w, https:\/\/clunyportugal.com\/ppsjc\/wp-content\/uploads\/2020\/03\/quem_somos-768x519.jpg 768w, https:\/\/clunyportugal.com\/ppsjc\/wp-content\/uploads\/2020\/03\/quem_somos.jpg 1332w\" sizes=\"auto, (max-width: 1024px) 100vw, 1024px\" \/><\/figure>\n\n\n\n<p>A Comunidade religiosa encontra-se inserida numa Institui\u00e7\u00e3o Particular de Solidariedade Social, pertencente \u00e0 Par\u00f3quia de S. Sebasti\u00e3o da Pedreira, situada no centro da cidade de Lisboa.<\/p>\n\n\n\n<p>A nossa op\u00e7\u00e3o e miss\u00e3o principal \u00e9 a evangeliza\u00e7\u00e3o. Assim, participamos na miss\u00e3o educativa da Igreja. Convictas de que \u00e9 a Igreja e o Mundo que servimos, ajudamos a construir uma civiliza\u00e7\u00e3o do amor, promovendo e defendendo a cultura da vida.<br><br>No seguimento de Jesus Cristo e impregnadas do Carisma da nossa fundadora, Ana Maria Javouhey, a nossa miss\u00e3o apresenta-se diversificada. Participamos na Pastoral da par\u00f3quia, catequeses infantil e juvenil, visitas e distribui\u00e7\u00e3o da Comunh\u00e3o aos doentes e idosos.<\/p>\n\n\n\n<p>Na ac\u00e7\u00e3o s\u00f3cio-caritativa colaboramos com o Banco Alimentar contra a fome, na distribui\u00e7\u00e3o de g\u00e9neros e bens a fam\u00edlias carenciadas.<br><br>No acolhimento e na educa\u00e7\u00e3o de crian\u00e7as do ber\u00e7\u00e1rio ao pr\u00e9-escolar.<br><br>* Na organiza\u00e7\u00e3o e cuidado das roupas da Igreja<br>* Acolhimento a grupos de car\u00e1cter espiritual, social ou cultural<br><br>Procuramos incutir em todos aqueles a quem somos enviadas o esp\u00edrito de Ana Maria Javouhey.<br>\u00abA sua luz n\u00e3o se extinguiu na noite&#8230; Vive!\u00bb<\/p>\n","protected":false},"excerpt":{"rendered":"<p>Comunidade Santo Ant\u00f3nio Rua Tom\u00e1s Ribeiro, 621050 \u2013 231 LISBOATel: 213 546 110E-mail:&nbsp;clunylisboa62@gmail.com Centro Social da Par\u00f3quia de S. Sebasti\u00e3o da Pedreira Rua Tom\u00e1s Ribeiro, 621050 \u2013 231 LISBOATel: 213 546 110E-mail:&nbsp;clunylisboa62@gmail.com A Comunidade religiosa encontra-se inserida numa Institui\u00e7\u00e3o Particular de Solidariedade Social, pertencente \u00e0 Par\u00f3quia de S. Sebasti\u00e3o da Pedreira, situada no centro da [&hellip;]<\/p>\n<p class=\"more-link\"><a href=\"https:\/\/clunyportugal.com\/ppsjc\/centro-social-da-paroquia-de-s-sebastiao-da-pedreira\/\"  class=\"themebutton\">Read More<\/a><\/p>\n","protected":false},"author":1,"featured_media":99,"parent":0,"menu_order":0,"comment_status":"closed","ping_status":"closed","template":"","meta":{"footnotes":""},"categories":[7],"tags":[],"class_list":["post-98","page","type-page","status-publish","has-post-thumbnail","hentry","category-portugal"],"_links":{"self":[{"href":"https:\/\/clunyportugal.com\/ppsjc\/wp-json\/wp\/v2\/pages\/98","targetHints":{"allow":["GET"]}}],"collection":[{"href":"https:\/\/clunyportugal.com\/ppsjc\/wp-json\/wp\/v2\/pages"}],"about":[{"href":"https:\/\/clunyportugal.com\/ppsjc\/wp-json\/wp\/v2\/types\/page"}],"author":[{"embeddable":true,"href":"https:\/\/clunyportugal.com\/ppsjc\/wp-json\/wp\/v2\/users\/1"}],"replies":[{"embeddable":true,"href":"https:\/\/clunyportugal.com\/ppsjc\/wp-json\/wp\/v2\/comments?post=98"}],"version-history":[{"count":5,"href":"https:\/\/clunyportugal.com\/ppsjc\/wp-json\/wp\/v2\/pages\/98\/revisions"}],"predecessor-version":[{"id":2147,"href":"https:\/\/clunyportugal.com\/ppsjc\/wp-json\/wp\/v2\/pages\/98\/revisions\/2147"}],"wp:featuredmedia":[{"embeddable":true,"href":"https:\/\/clunyportugal.com\/ppsjc\/wp-json\/wp\/v2\/media\/99"}],"wp:attachment":[{"href":"https:\/\/clunyportugal.com\/ppsjc\/wp-json\/wp\/v2\/media?parent=98"}],"wp:term":[{"taxonomy":"category","embeddable":true,"href":"https:\/\/clunyportugal.com\/ppsjc\/wp-json\/wp\/v2\/categories?post=98"},{"taxonomy":"post_tag","embeddable":true,"href":"https:\/\/clunyportugal.com\/ppsjc\/wp-json\/wp\/v2\/tags?post=98"}],"curies":[{"name":"wp","href":"https:\/\/api.w.org\/{rel}","templated":true}]}}

Centro Social da Paróquia de S. Sebastião da Pedreira

<p class="has-medium-font-size"><strong>Comunidade Santo António</strong></p>



<p>Rua Tomás Ribeiro, 62<br>1050 – 231 LISBOA<br>Tel: 213 546 110<br><strong>E-mail:&nbsp;</strong><a href="mailto:clunylisboa62@gmail.com">clunylisboa62@gmail.com</a></p>



<p class="has-medium-font-size"><strong>Centro Social da Paróquia de S. Sebastião da Pedreira</strong></p>



<p>Rua Tomás Ribeiro, 62<br>1050 – 231 LISBOA<br>Tel: 213 546 110<br><strong>E-mail:&nbsp;</strong><a href="mailto:clunylisboa62@gmail.com">clunylisboa62@gmail.com</a></p>



<p></p>



<figure class="wp-block-image size-large"><img loading="lazy" decoding="async" width="1024" height="692" src="https://clunyportugal.com/ppsjc/wp-content/uploads/2020/03/quem_somos-1024x692.jpg" alt="" class="wp-image-99" srcset="https://clunyportugal.com/ppsjc/wp-content/uploads/2020/03/quem_somos-1024x692.jpg 1024w, https://clunyportugal.com/ppsjc/wp-content/uploads/2020/03/quem_somos-300x203.jpg 300w, https://clunyportugal.com/ppsjc/wp-content/uploads/2020/03/quem_somos-768x519.jpg 768w, https://clunyportugal.com/ppsjc/wp-content/uploads/2020/03/quem_somos.jpg 1332w" sizes="auto, (max-width: 1024px) 100vw, 1024px" /></figure>



<p>A Comunidade religiosa encontra-se inserida numa Instituição Particular de Solidariedade Social, pertencente à Paróquia de S. Sebastião da Pedreira, situada no centro da cidade de Lisboa.</p>



<p>A nossa opção e missão principal é a evangelização. Assim, participamos na missão educativa da Igreja. Convictas de que é a Igreja e o Mundo que servimos, ajudamos a construir uma civilização do amor, promovendo e defendendo a cultura da vida.<br><br>No seguimento de Jesus Cristo e impregnadas do Carisma da nossa fundadora, Ana Maria Javouhey, a nossa missão apresenta-se diversificada. Participamos na Pastoral da paróquia, catequeses infantil e juvenil, visitas e distribuição da Comunhão aos doentes e idosos.</p>



<p>Na acção sócio-caritativa colaboramos com o Banco Alimentar contra a fome, na distribuição de géneros e bens a famílias carenciadas.<br><br>No acolhimento e na educação de crianças do berçário ao pré-escolar.<br><br>* Na organização e cuidado das roupas da Igreja<br>* Acolhimento a grupos de carácter espiritual, social ou cultural<br><br>Procuramos incutir em todos aqueles a quem somos enviadas o espírito de Ana Maria Javouhey.<br>«A sua luz não se extinguiu na noite&#8230; Vive!»</p>

<p>Comunidade Santo António Rua Tomás Ribeiro, 621050 – 231 LISBOATel: 213 546 110E-mail:&nbsp;clunylisboa62@gmail.com Centro Social da Paróquia de S. Sebastião da Pedreira Rua Tomás Ribeiro, 621050 – 231 LISBOATel: 213 546 110E-mail:&nbsp;clunylisboa62@gmail.com A Comunidade religiosa encontra-se inserida numa Instituição Particular de Solidariedade Social, pertencente à Paróquia de S. Sebastião da Pedreira, situada no centro da [&hellip;]</p>
<p class="more-link"><a href="https://clunyportugal.com/ppsjc/centro-social-da-paroquia-de-s-sebastiao-da-pedreira/"  class="themebutton">Read More</a></p>
