{"id":76,"date":"2020-03-01T18:02:01","date_gmt":"2020-03-01T18:02:01","guid":{"rendered":"https:\/\/clunyportugal.com\/ppsjc\/?page_id=76"},"modified":"2025-03-18T19:43:08","modified_gmt":"2025-03-18T19:43:08","slug":"centro-social-de-s-jose-de-cluny","status":"publish","type":"page","link":"https:\/\/clunyportugal.com\/ppsjc\/centro-social-de-s-jose-de-cluny\/","title":{"rendered":"Centro Social de S. Jos\u00e9 de Cluny"},"content":{"rendered":"\n<p class=\"has-medium-font-size\"><strong>Comunidade Santa Teresa<\/strong><\/p>\n\n\n\n<p>3780 -292 ANADIA<br>Rua S. Jos\u00e9 de Cluny, 23<br>Tel: 231 504 167<br><strong>E-mail:&nbsp;<\/strong>&nbsp;<a rel=\"noreferrer noopener\" href=\"mailto:centrocluny86@gmail.com\" target=\"_blank\">centrocluny86@gmail.com<\/a><\/p>\n\n\n\n<p class=\"has-medium-font-size\"><strong>Centro Social de S. Jos\u00e9 de Cluny<\/strong><\/p>\n\n\n\n<p>3780 -292 ANADIA<br>Rua S. Jos\u00e9 de Cluny, 23<br>Tel: 231 504 167<br><strong>E-mail:&nbsp;<\/strong>&nbsp;<a rel=\"noreferrer noopener\" href=\"mailto:centrocluny86@gmail.com\" target=\"_blank\">centrocluny86@gmail.com<\/a><\/p>\n\n\n\n<p><\/p>\n\n\n\n<figure class=\"wp-block-image size-large is-resized\"><img loading=\"lazy\" decoding=\"async\" width=\"500\" height=\"336\" src=\"https:\/\/clunyportugal.com\/ppsjc\/wp-content\/uploads\/2020\/03\/cssjc_anadia.png\" alt=\"\" class=\"wp-image-77\" style=\"width:569px;height:382px\" srcset=\"https:\/\/clunyportugal.com\/ppsjc\/wp-content\/uploads\/2020\/03\/cssjc_anadia.png 500w, https:\/\/clunyportugal.com\/ppsjc\/wp-content\/uploads\/2020\/03\/cssjc_anadia-300x202.png 300w, https:\/\/clunyportugal.com\/ppsjc\/wp-content\/uploads\/2020\/03\/cssjc_anadia-380x254.png 380w\" sizes=\"auto, (max-width: 500px) 100vw, 500px\" \/><figcaption class=\"wp-element-caption\">Centro Social de S. Jos\u00e9 de Cluny<\/figcaption><\/figure>\n\n\n\n<p>O Centro Social S. Jos\u00e9 de Cluny, confiado \u00e0 orienta\u00e7\u00e3o e administra\u00e7\u00e3o das Irm\u00e3s, tem em funcionamento as val\u00eancias de creche e pr\u00e9-escolar.<br><br>O pessoal docente e auxiliar, na sua grande maioria leigo, elabora anualmente com as Irm\u00e3s, um Projecto Educativo que, para al\u00e9m da vertente pedag\u00f3gica, potencia a dimens\u00e3o espiritual. D\u00e1 relevo \u00e0s celebra\u00e7\u00f5es lit\u00fargicas de Natal, P\u00e1scoa, Nossa Senhora\u2026 assim como as mais ligadas \u00e0 Congrega\u00e7\u00e3o.&nbsp;<br><br>Festa de Ana Mara Javouhey e de S. Martinho. Tamb\u00e9m n\u00e3o s\u00e3o esquecidas as encena\u00e7\u00f5es e outras realiza\u00e7\u00f5es por ocasi\u00e3o do dia da M\u00e3e, Pai, dia da crian\u00e7a, da \u00c1rvore, etc. Para al\u00e9m das actividades curriculares, todas as crian\u00e7as t\u00eam aulas de M\u00fasica, e de Educa\u00e7\u00e3o F\u00edsica.<\/p>\n\n\n\n<p>Na nossa Miss\u00e3o temos bem viva a palavra de Jesus: \u201cdeixai vir a Mim as criancinhas\u201d e a da nossa Fundadora que diz: \u201cAmai as crian\u00e7as e fareis delas o que quiserdes\u201d.<\/p>\n\n\n\n<p>Paralelamente ao Centro existem instala\u00e7\u00f5es para acolhimento aos peregrinos que se dirigem ao Santu\u00e1rio de F\u00e1tima.<br><br>Algumas Irm\u00e3s, j\u00e1 no decl\u00ednio das suas for\u00e7as f\u00edsicas, d\u00e3o um precioso contributo na Miss\u00e3o da comunidade, atrav\u00e9s da ora\u00e7\u00e3o.<br><\/p>\n","protected":false},"excerpt":{"rendered":"<p>Comunidade Santa Teresa 3780 -292 ANADIARua S. Jos\u00e9 de Cluny, 23Tel: 231 504 167E-mail:&nbsp;&nbsp;centrocluny86@gmail.com Centro Social de S. Jos\u00e9 de Cluny 3780 -292 ANADIARua S. Jos\u00e9 de Cluny, 23Tel: 231 504 167E-mail:&nbsp;&nbsp;centrocluny86@gmail.com O Centro Social S. Jos\u00e9 de Cluny, confiado \u00e0 orienta\u00e7\u00e3o e administra\u00e7\u00e3o das Irm\u00e3s, tem em funcionamento as val\u00eancias de creche e pr\u00e9-escolar. [&hellip;]<\/p>\n<p class=\"more-link\"><a href=\"https:\/\/clunyportugal.com\/ppsjc\/centro-social-de-s-jose-de-cluny\/\"  class=\"themebutton\">Read More<\/a><\/p>\n","protected":false},"author":1,"featured_media":77,"parent":0,"menu_order":0,"comment_status":"closed","ping_status":"closed","template":"","meta":{"footnotes":""},"categories":[7],"tags":[],"class_list":["post-76","page","type-page","status-publish","has-post-thumbnail","hentry","category-portugal"],"_links":{"self":[{"href":"https:\/\/clunyportugal.com\/ppsjc\/wp-json\/wp\/v2\/pages\/76","targetHints":{"allow":["GET"]}}],"collection":[{"href":"https:\/\/clunyportugal.com\/ppsjc\/wp-json\/wp\/v2\/pages"}],"about":[{"href":"https:\/\/clunyportugal.com\/ppsjc\/wp-json\/wp\/v2\/types\/page"}],"author":[{"embeddable":true,"href":"https:\/\/clunyportugal.com\/ppsjc\/wp-json\/wp\/v2\/users\/1"}],"replies":[{"embeddable":true,"href":"https:\/\/clunyportugal.com\/ppsjc\/wp-json\/wp\/v2\/comments?post=76"}],"version-history":[{"count":5,"href":"https:\/\/clunyportugal.com\/ppsjc\/wp-json\/wp\/v2\/pages\/76\/revisions"}],"predecessor-version":[{"id":2145,"href":"https:\/\/clunyportugal.com\/ppsjc\/wp-json\/wp\/v2\/pages\/76\/revisions\/2145"}],"wp:featuredmedia":[{"embeddable":true,"href":"https:\/\/clunyportugal.com\/ppsjc\/wp-json\/wp\/v2\/media\/77"}],"wp:attachment":[{"href":"https:\/\/clunyportugal.com\/ppsjc\/wp-json\/wp\/v2\/media?parent=76"}],"wp:term":[{"taxonomy":"category","embeddable":true,"href":"https:\/\/clunyportugal.com\/ppsjc\/wp-json\/wp\/v2\/categories?post=76"},{"taxonomy":"post_tag","embeddable":true,"href":"https:\/\/clunyportugal.com\/ppsjc\/wp-json\/wp\/v2\/tags?post=76"}],"curies":[{"name":"wp","href":"https:\/\/api.w.org\/{rel}","templated":true}]}}