{"id":73,"date":"2020-03-01T17:50:28","date_gmt":"2020-03-01T17:50:28","guid":{"rendered":"https:\/\/clunyportugal.com\/ppsjc\/?page_id=73"},"modified":"2020-05-01T10:06:59","modified_gmt":"2020-05-01T10:06:59","slug":"comunidade-nossa-senhora-da-paz-colegio-nossa-senhora-da-assuncao","status":"publish","type":"page","link":"https:\/\/clunyportugal.com\/ppsjc\/comunidade-nossa-senhora-da-paz-colegio-nossa-senhora-da-assuncao\/","title":{"rendered":"Col\u00e9gio Nossa Senhora da Assun\u00e7\u00e3o"},"content":{"rendered":"\n<p class=\"has-medium-font-size\"><strong>Comunidade Nossa Senhora da Paz<\/strong><\/p>\n\n\n\n<p>Rua S. Jos\u00e9 de Cluny<br>Famalic\u00e3o<br>3780 \u2013 292 ANADIA<br>Tel: 231 510 500<br><strong>Email:<\/strong> <a href=\"mailto:cnsdapaz.@gmail.com\">cnsdapaz.@gmail.com<\/a><\/p>\n\n\n\n<p class=\"has-medium-font-size\"><strong>Col\u00e9gio Nossa Senhora da Assun\u00e7\u00e3o<\/strong><\/p>\n\n\n\n<p>Rua S. Jos\u00e9 de Cluny<br>Famalic\u00e3o<br>3780 \u2013 292 ANADIA<br>Tel: 231 510 500<br><strong><strong>Email: <\/strong><\/strong><a href=\"mailto:geral@cnsacluny.com\">geral@cnsacluny.com<\/a><\/p>\n\n\n\n<p><a href=\"http:\/\/www.cnsacluny.com\" target=\"_blank\" rel=\"noreferrer noopener\" aria-label=\"Site pr\u00f3prio (abre num novo separador)\">Site pr\u00f3prio<\/a><\/p>\n\n\n\n<figure class=\"wp-block-image size-large is-resized\"><img loading=\"lazy\" decoding=\"async\" src=\"https:\/\/clunyportugal.com\/ppsjc\/wp-content\/uploads\/2020\/03\/cnsa2_anadia.png\" alt=\"\" class=\"wp-image-74\" width=\"577\" height=\"306\" srcset=\"https:\/\/clunyportugal.com\/ppsjc\/wp-content\/uploads\/2020\/03\/cnsa2_anadia.png 500w, https:\/\/clunyportugal.com\/ppsjc\/wp-content\/uploads\/2020\/03\/cnsa2_anadia-300x159.png 300w\" sizes=\"auto, (max-width: 577px) 100vw, 577px\" \/><figcaption>CNSA<\/figcaption><\/figure>\n\n\n\n<p>As nossas ra\u00edzes remontam h\u00e1 mais de 80 anos atr\u00e1s.&nbsp;<br>A Congrega\u00e7\u00e3o das Irm\u00e3s de S\u00e3o Jos\u00e9 de Cluny, como as outras congrega\u00e7\u00f5es religiosas, tinha sido expulsa de Portugal em 1910. Contudo, o gr\u00e3o de trigo lan\u00e7ado \u00e0 terra, depois de morrer, voltou a germinar e a crescer, dando vida.<br><br>Em 1922, foi enviada de Paris, a Madre Catarina de Ornellas, com a finalidade de estudar a possibilidade de abrir um Noviciado em Portugal, uma vez que nos pediam religiosas para as antigas col\u00f3nias.&nbsp;<br><br>A hist\u00f3ria e o projecto de Deus encontraram eco no cora\u00e7\u00e3o das Condessas de Proen\u00e7a-a-Velha, respectivamente D. Joaninha e D. Luisinha de Mello Os\u00f3rio que, imediatamente, puseram \u00e0 sua disposi\u00e7\u00e3o uma casa que haviam mandado construir, para fins de benefic\u00eancia, em Famalic\u00e3o de Anadia.&nbsp;<br>Era a primeira semente deste nosso Sobreiro, com o qual crescemos.&nbsp;<br><br>A Casa de Trabalho, o Noviciado e as primeiras classes gratuitas abriram caminho ao pequenino Col\u00e9gio de Nossa Senhora da Paz.&nbsp;<br><br>Por conting\u00eancias do tempo e da hist\u00f3ria, a partir de 1951, ser\u00e1 necess\u00e1rio outro alvar\u00e1, outro nome: era o Col\u00e9gio de Nossa Senhora da Assun\u00e7\u00e3o que nascia&#8230;&nbsp;<br>Da casa primitiva, podemos dizer &#8220;Casa M\u00e3e&#8221;, alguns vest\u00edgios existem, mas quantas transforma\u00e7\u00f5es ocorreram e continuam a ocorrer,quer f\u00edsicas quer funcionais!<\/p>\n\n\n\n<p>No seguimento de Ana Maria Javouhey, que \u201cn\u00e3o trabalha s\u00f3\u201d, a comunidade das Irm\u00e3s colabora fraternalmente com todos. No Col\u00e9gio, a comunidade acolhe crian\u00e7as e jovens, partilhando a sua miss\u00e3o com os leigos, homens e mulheres, que connosco comungam do Carisma de Ana Maria.<br><br>Neste meio rural da Bairrada, desenvolvemos o nosso servi\u00e7o apost\u00f3lico em comunh\u00e3o com a Igreja e com a Congrega\u00e7\u00e3o, atrav\u00e9s de outras actividades pastorais como catequese, anima\u00e7\u00e3o juvenil e apoio a diferentes ac\u00e7\u00f5es eclesiais que nos s\u00e3o solicitadas.<br><br>Atentas aos sinais do nosso tempo e do meio em que vivemos, atrav\u00e9s do sector educacional, queremos formar homens e mulheres capazes de responder aos desafios da cultura e da f\u00e9. Como institui\u00e7\u00e3o de ensino, temos por objectivo:<br><br><strong>&#8211; Educar para a excel\u00eancia do Ser e do Saber com vista \u00e0 liberdade, ao exerc\u00edcio da cidadania e \u00e0 transcend\u00eancia.<\/strong><br><br>Como comunidade religiosa, consagrada a Deus e ao servi\u00e7o da pessoa humana, pretendemos:<br><br><strong>&#8211; Testemunhar e Proclamar Jesus Cristo no meio onde vivemos.<\/strong><\/p>\n","protected":false},"excerpt":{"rendered":"<p>Comunidade Nossa Senhora da Paz Rua S. Jos\u00e9 de ClunyFamalic\u00e3o3780 \u2013 292 ANADIATel: 231 510 500Email: cnsdapaz.@gmail.com Col\u00e9gio Nossa Senhora da Assun\u00e7\u00e3o Rua S. Jos\u00e9 de ClunyFamalic\u00e3o3780 \u2013 292 ANADIATel: 231 510 500Email: geral@cnsacluny.com Site pr\u00f3prio As nossas ra\u00edzes remontam h\u00e1 mais de 80 anos atr\u00e1s.&nbsp;A Congrega\u00e7\u00e3o das Irm\u00e3s de S\u00e3o Jos\u00e9 de Cluny, como [&hellip;]<\/p>\n<p class=\"more-link\"><a href=\"https:\/\/clunyportugal.com\/ppsjc\/comunidade-nossa-senhora-da-paz-colegio-nossa-senhora-da-assuncao\/\"  class=\"themebutton\">Read More<\/a><\/p>\n","protected":false},"author":1,"featured_media":74,"parent":0,"menu_order":0,"comment_status":"closed","ping_status":"closed","template":"","meta":{"footnotes":""},"categories":[7],"tags":[],"class_list":["post-73","page","type-page","status-publish","has-post-thumbnail","hentry","category-portugal"],"_links":{"self":[{"href":"https:\/\/clunyportugal.com\/ppsjc\/wp-json\/wp\/v2\/pages\/73","targetHints":{"allow":["GET"]}}],"collection":[{"href":"https:\/\/clunyportugal.com\/ppsjc\/wp-json\/wp\/v2\/pages"}],"about":[{"href":"https:\/\/clunyportugal.com\/ppsjc\/wp-json\/wp\/v2\/types\/page"}],"author":[{"embeddable":true,"href":"https:\/\/clunyportugal.com\/ppsjc\/wp-json\/wp\/v2\/users\/1"}],"replies":[{"embeddable":true,"href":"https:\/\/clunyportugal.com\/ppsjc\/wp-json\/wp\/v2\/comments?post=73"}],"version-history":[{"count":5,"href":"https:\/\/clunyportugal.com\/ppsjc\/wp-json\/wp\/v2\/pages\/73\/revisions"}],"predecessor-version":[{"id":1046,"href":"https:\/\/clunyportugal.com\/ppsjc\/wp-json\/wp\/v2\/pages\/73\/revisions\/1046"}],"wp:featuredmedia":[{"embeddable":true,"href":"https:\/\/clunyportugal.com\/ppsjc\/wp-json\/wp\/v2\/media\/74"}],"wp:attachment":[{"href":"https:\/\/clunyportugal.com\/ppsjc\/wp-json\/wp\/v2\/media?parent=73"}],"wp:term":[{"taxonomy":"category","embeddable":true,"href":"https:\/\/clunyportugal.com\/ppsjc\/wp-json\/wp\/v2\/categories?post=73"},{"taxonomy":"post_tag","embeddable":true,"href":"https:\/\/clunyportugal.com\/ppsjc\/wp-json\/wp\/v2\/tags?post=73"}],"curies":[{"name":"wp","href":"https:\/\/api.w.org\/{rel}","templated":true}]}}

Colégio Nossa Senhora da Assunção

<p class="has-medium-font-size"><strong>Comunidade Nossa Senhora da Paz</strong></p>



<p>Rua S. José de Cluny<br>Famalicão<br>3780 – 292 ANADIA<br>Tel: 231 510 500<br><strong>Email:</strong> <a href="mailto:cnsdapaz.@gmail.com">cnsdapaz.@gmail.com</a></p>



<p class="has-medium-font-size"><strong>Colégio Nossa Senhora da Assunção</strong></p>



<p>Rua S. José de Cluny<br>Famalicão<br>3780 – 292 ANADIA<br>Tel: 231 510 500<br><strong><strong>Email: </strong></strong><a href="mailto:geral@cnsacluny.com">geral@cnsacluny.com</a></p>



<p><a href="http://www.cnsacluny.com" target="_blank" rel="noreferrer noopener" aria-label="Site próprio (abre num novo separador)">Site próprio</a></p>



<figure class="wp-block-image size-large is-resized"><img loading="lazy" decoding="async" src="https://clunyportugal.com/ppsjc/wp-content/uploads/2020/03/cnsa2_anadia.png" alt="" class="wp-image-74" width="577" height="306" srcset="https://clunyportugal.com/ppsjc/wp-content/uploads/2020/03/cnsa2_anadia.png 500w, https://clunyportugal.com/ppsjc/wp-content/uploads/2020/03/cnsa2_anadia-300x159.png 300w" sizes="auto, (max-width: 577px) 100vw, 577px" /><figcaption>CNSA</figcaption></figure>



<p>As nossas raízes remontam há mais de 80 anos atrás.&nbsp;<br>A Congregação das Irmãs de São José de Cluny, como as outras congregações religiosas, tinha sido expulsa de Portugal em 1910. Contudo, o grão de trigo lançado à terra, depois de morrer, voltou a germinar e a crescer, dando vida.<br><br>Em 1922, foi enviada de Paris, a Madre Catarina de Ornellas, com a finalidade de estudar a possibilidade de abrir um Noviciado em Portugal, uma vez que nos pediam religiosas para as antigas colónias.&nbsp;<br><br>A história e o projecto de Deus encontraram eco no coração das Condessas de Proença-a-Velha, respectivamente D. Joaninha e D. Luisinha de Mello Osório que, imediatamente, puseram à sua disposição uma casa que haviam mandado construir, para fins de beneficência, em Famalicão de Anadia.&nbsp;<br>Era a primeira semente deste nosso Sobreiro, com o qual crescemos.&nbsp;<br><br>A Casa de Trabalho, o Noviciado e as primeiras classes gratuitas abriram caminho ao pequenino Colégio de Nossa Senhora da Paz.&nbsp;<br><br>Por contingências do tempo e da história, a partir de 1951, será necessário outro alvará, outro nome: era o Colégio de Nossa Senhora da Assunção que nascia&#8230;&nbsp;<br>Da casa primitiva, podemos dizer &#8220;Casa Mãe&#8221;, alguns vestígios existem, mas quantas transformações ocorreram e continuam a ocorrer,quer físicas quer funcionais!</p>



<p>No seguimento de Ana Maria Javouhey, que “não trabalha só”, a comunidade das Irmãs colabora fraternalmente com todos. No Colégio, a comunidade acolhe crianças e jovens, partilhando a sua missão com os leigos, homens e mulheres, que connosco comungam do Carisma de Ana Maria.<br><br>Neste meio rural da Bairrada, desenvolvemos o nosso serviço apostólico em comunhão com a Igreja e com a Congregação, através de outras actividades pastorais como catequese, animação juvenil e apoio a diferentes acções eclesiais que nos são solicitadas.<br><br>Atentas aos sinais do nosso tempo e do meio em que vivemos, através do sector educacional, queremos formar homens e mulheres capazes de responder aos desafios da cultura e da fé. Como instituição de ensino, temos por objectivo:<br><br><strong>&#8211; Educar para a excelência do Ser e do Saber com vista à liberdade, ao exercício da cidadania e à transcendência.</strong><br><br>Como comunidade religiosa, consagrada a Deus e ao serviço da pessoa humana, pretendemos:<br><br><strong>&#8211; Testemunhar e Proclamar Jesus Cristo no meio onde vivemos.</strong></p>

<p>Comunidade Nossa Senhora da Paz Rua S. José de ClunyFamalicão3780 – 292 ANADIATel: 231 510 500Email: cnsdapaz.@gmail.com Colégio Nossa Senhora da Assunção Rua S. José de ClunyFamalicão3780 – 292 ANADIATel: 231 510 500Email: geral@cnsacluny.com Site próprio As nossas raízes remontam há mais de 80 anos atrás.&nbsp;A Congregação das Irmãs de São José de Cluny, como [&hellip;]</p>
<p class="more-link"><a href="https://clunyportugal.com/ppsjc/comunidade-nossa-senhora-da-paz-colegio-nossa-senhora-da-assuncao/"  class="themebutton">Read More</a></p>
