{"id":510,"date":"2020-03-02T22:06:49","date_gmt":"2020-03-02T22:06:49","guid":{"rendered":"https:\/\/clunyportugal.com\/ppsjc\/?page_id=510"},"modified":"2020-04-30T22:27:58","modified_gmt":"2020-04-30T22:27:58","slug":"sipc","status":"publish","type":"page","link":"https:\/\/clunyportugal.com\/ppsjc\/sipc\/","title":{"rendered":"SIPC"},"content":{"rendered":"\n<figure class=\"wp-block-image size-large\"><img loading=\"lazy\" decoding=\"async\" width=\"1024\" height=\"420\" src=\"https:\/\/clunyportugal.com\/ppsjc\/wp-content\/uploads\/2020\/03\/logo_SIPC-1-1024x420.jpg\" alt=\"\" class=\"wp-image-511\" srcset=\"https:\/\/clunyportugal.com\/ppsjc\/wp-content\/uploads\/2020\/03\/logo_SIPC-1-1024x420.jpg 1024w, https:\/\/clunyportugal.com\/ppsjc\/wp-content\/uploads\/2020\/03\/logo_SIPC-1-300x123.jpg 300w, https:\/\/clunyportugal.com\/ppsjc\/wp-content\/uploads\/2020\/03\/logo_SIPC-1-768x315.jpg 768w, https:\/\/clunyportugal.com\/ppsjc\/wp-content\/uploads\/2020\/03\/logo_SIPC-1.jpg 1461w\" sizes=\"auto, (max-width: 1024px) 100vw, 1024px\" \/><\/figure>\n\n\n\n<p><strong>A Prov\u00edncia Portuguesa das Irm\u00e3s de S. Jos\u00e9 de Cluny apresenta-se comprometida com uma pol\u00edtica relativa \u00e0 Prote\u00e7\u00e3o de Menores e Adultos em Situa\u00e7\u00e3o de Vulnerabilidade assente nos seguintes princ\u00edpios:<\/strong><\/p>\n\n\n\n<p>A prote\u00e7\u00e3o da dignidade e os direitos fundamentais de todas as pessoas que lhes s\u00e3o confiadas e, mais particularmente, as crian\u00e7as, os jovens e os adultos fr\u00e1geis e em situa\u00e7\u00e3o de vulnerabilidade, assim como, de todos os seus membros, sobretudo as Irm\u00e3s em forma\u00e7\u00e3o e as Irm\u00e3s idosas;<\/p>\n\n\n\n<p>A promo\u00e7\u00e3o de um ambiente de seguran\u00e7a\/prote\u00e7\u00e3o, livre de toda a intimida\u00e7\u00e3o ou ass\u00e9dio, quer f\u00edsico quer psicol\u00f3gico, escrito ou verbal, compat\u00edvel com a disciplina e os ensinamentos da Igreja Cat\u00f3lica e impulsionador de um desenvolvimento humano harmonioso em todas as suas dimens\u00f5es;<\/p>\n\n\n\n<p>Rigorosos processos de recrutamento e adequada forma\u00e7\u00e3o de todos os agentes que trabalham em nome das Irm\u00e3s de S. Jos\u00e9 de Cluny, nos seus minist\u00e9rios humanos e\/ou espirituais, estimulando a responsabiliza\u00e7\u00e3o pessoal e o profissionalismo;<\/p>\n\n\n\n<p>Em resposta a qualquer suspeita ou den\u00fancia, nova ou antiga, ser\u00e3o postos em marcha todos os procedimentos de resposta, sendo a primeira obriga\u00e7\u00e3o da Congrega\u00e7\u00e3o para com as v\u00edtimas a sua prote\u00e7\u00e3o, cuidados e reconcilia\u00e7\u00e3o;<\/p>\n\n\n\n<p>Acompanhamento de qualquer suspeito ou acusado de ter cometido um ato de abuso, verificando-se e cumprindo-se as normas subjacentes \u00e0 legisla\u00e7\u00e3o civil e can\u00f3nica;<\/p>\n\n\n\n<p>\u00c0 luz do Evangelho e do carisma das Irm\u00e3s de S. Jos\u00e9 de Cluny, \u00e9 firmado o compromisso de seguir e aplicar as diretivas institu\u00eddas, numa l\u00f3gica de reflex\u00e3o regular e melhoria cont\u00ednua das boas pr\u00e1ticas para a prote\u00e7\u00e3o de menores e adultos em situa\u00e7\u00e3o de vulnerabilidade.<\/p>\n\n\n\n<figure class=\"wp-block-gallery columns-2 is-cropped wp-block-gallery-1 is-layout-flex wp-block-gallery-is-layout-flex\"><ul class=\"blocks-gallery-grid\"><li class=\"blocks-gallery-item\"><figure><img loading=\"lazy\" decoding=\"async\" width=\"728\" height=\"1024\" src=\"https:\/\/clunyportugal.com\/ppsjc\/wp-content\/uploads\/2020\/04\/flyer_frente-728x1024.png\" alt=\"\" data-id=\"995\" data-full-url=\"https:\/\/clunyportugal.com\/ppsjc\/wp-content\/uploads\/2020\/04\/flyer_frente.png\" data-link=\"https:\/\/clunyportugal.com\/ppsjc\/sipc\/flyer_frente\/#main\" class=\"wp-image-995\" srcset=\"https:\/\/clunyportugal.com\/ppsjc\/wp-content\/uploads\/2020\/04\/flyer_frente-728x1024.png 728w, https:\/\/clunyportugal.com\/ppsjc\/wp-content\/uploads\/2020\/04\/flyer_frente-213x300.png 213w, https:\/\/clunyportugal.com\/ppsjc\/wp-content\/uploads\/2020\/04\/flyer_frente-768x1080.png 768w, https:\/\/clunyportugal.com\/ppsjc\/wp-content\/uploads\/2020\/04\/flyer_frente.png 993w\" sizes=\"auto, (max-width: 728px) 100vw, 728px\" \/><\/figure><\/li><li class=\"blocks-gallery-item\"><figure><img loading=\"lazy\" decoding=\"async\" width=\"728\" height=\"1024\" src=\"https:\/\/clunyportugal.com\/ppsjc\/wp-content\/uploads\/2020\/04\/flyer_verso-728x1024.png\" alt=\"\" data-id=\"996\" data-full-url=\"https:\/\/clunyportugal.com\/ppsjc\/wp-content\/uploads\/2020\/04\/flyer_verso.png\" data-link=\"https:\/\/clunyportugal.com\/ppsjc\/sipc\/flyer_verso\/#main\" class=\"wp-image-996\" srcset=\"https:\/\/clunyportugal.com\/ppsjc\/wp-content\/uploads\/2020\/04\/flyer_verso-728x1024.png 728w, https:\/\/clunyportugal.com\/ppsjc\/wp-content\/uploads\/2020\/04\/flyer_verso-213x300.png 213w, https:\/\/clunyportugal.com\/ppsjc\/wp-content\/uploads\/2020\/04\/flyer_verso-768x1080.png 768w, https:\/\/clunyportugal.com\/ppsjc\/wp-content\/uploads\/2020\/04\/flyer_verso.png 993w\" sizes=\"auto, (max-width: 728px) 100vw, 728px\" \/><\/figure><\/li><\/ul><\/figure>\n","protected":false},"excerpt":{"rendered":"<p>A Prov\u00edncia Portuguesa das Irm\u00e3s de S. Jos\u00e9 de Cluny apresenta-se comprometida com uma pol\u00edtica relativa \u00e0 Prote\u00e7\u00e3o de Menores e Adultos em Situa\u00e7\u00e3o de Vulnerabilidade assente nos seguintes princ\u00edpios: A prote\u00e7\u00e3o da dignidade e os direitos fundamentais de todas as pessoas que lhes s\u00e3o confiadas e, mais particularmente, as crian\u00e7as, os jovens e os [&hellip;]<\/p>\n<p class=\"more-link\"><a href=\"https:\/\/clunyportugal.com\/ppsjc\/sipc\/\"  class=\"themebutton\">Read More<\/a><\/p>\n","protected":false},"author":1,"featured_media":511,"parent":0,"menu_order":0,"comment_status":"closed","ping_status":"closed","template":"","meta":{"footnotes":""},"categories":[14],"tags":[],"class_list":["post-510","page","type-page","status-publish","has-post-thumbnail","hentry","category-cuidados"],"_links":{"self":[{"href":"https:\/\/clunyportugal.com\/ppsjc\/wp-json\/wp\/v2\/pages\/510","targetHints":{"allow":["GET"]}}],"collection":[{"href":"https:\/\/clunyportugal.com\/ppsjc\/wp-json\/wp\/v2\/pages"}],"about":[{"href":"https:\/\/clunyportugal.com\/ppsjc\/wp-json\/wp\/v2\/types\/page"}],"author":[{"embeddable":true,"href":"https:\/\/clunyportugal.com\/ppsjc\/wp-json\/wp\/v2\/users\/1"}],"replies":[{"embeddable":true,"href":"https:\/\/clunyportugal.com\/ppsjc\/wp-json\/wp\/v2\/comments?post=510"}],"version-history":[{"count":2,"href":"https:\/\/clunyportugal.com\/ppsjc\/wp-json\/wp\/v2\/pages\/510\/revisions"}],"predecessor-version":[{"id":997,"href":"https:\/\/clunyportugal.com\/ppsjc\/wp-json\/wp\/v2\/pages\/510\/revisions\/997"}],"wp:featuredmedia":[{"embeddable":true,"href":"https:\/\/clunyportugal.com\/ppsjc\/wp-json\/wp\/v2\/media\/511"}],"wp:attachment":[{"href":"https:\/\/clunyportugal.com\/ppsjc\/wp-json\/wp\/v2\/media?parent=510"}],"wp:term":[{"taxonomy":"category","embeddable":true,"href":"https:\/\/clunyportugal.com\/ppsjc\/wp-json\/wp\/v2\/categories?post=510"},{"taxonomy":"post_tag","embeddable":true,"href":"https:\/\/clunyportugal.com\/ppsjc\/wp-json\/wp\/v2\/tags?post=510"}],"curies":[{"name":"wp","href":"https:\/\/api.w.org\/{rel}","templated":true}]}}

<figure class="wp-block-image size-large"><img loading="lazy" decoding="async" width="1024" height="420" src="https://clunyportugal.com/ppsjc/wp-content/uploads/2020/03/logo_SIPC-1-1024x420.jpg" alt="" class="wp-image-511" srcset="https://clunyportugal.com/ppsjc/wp-content/uploads/2020/03/logo_SIPC-1-1024x420.jpg 1024w, https://clunyportugal.com/ppsjc/wp-content/uploads/2020/03/logo_SIPC-1-300x123.jpg 300w, https://clunyportugal.com/ppsjc/wp-content/uploads/2020/03/logo_SIPC-1-768x315.jpg 768w, https://clunyportugal.com/ppsjc/wp-content/uploads/2020/03/logo_SIPC-1.jpg 1461w" sizes="auto, (max-width: 1024px) 100vw, 1024px" /></figure>



<p><strong>A Província Portuguesa das Irmãs de S. José de Cluny apresenta-se comprometida com uma política relativa à Proteção de Menores e Adultos em Situação de Vulnerabilidade assente nos seguintes princípios:</strong></p>



<p>A proteção da dignidade e os direitos fundamentais de todas as pessoas que lhes são confiadas e, mais particularmente, as crianças, os jovens e os adultos frágeis e em situação de vulnerabilidade, assim como, de todos os seus membros, sobretudo as Irmãs em formação e as Irmãs idosas;</p>



<p>A promoção de um ambiente de segurança/proteção, livre de toda a intimidação ou assédio, quer físico quer psicológico, escrito ou verbal, compatível com a disciplina e os ensinamentos da Igreja Católica e impulsionador de um desenvolvimento humano harmonioso em todas as suas dimensões;</p>



<p>Rigorosos processos de recrutamento e adequada formação de todos os agentes que trabalham em nome das Irmãs de S. José de Cluny, nos seus ministérios humanos e/ou espirituais, estimulando a responsabilização pessoal e o profissionalismo;</p>



<p>Em resposta a qualquer suspeita ou denúncia, nova ou antiga, serão postos em marcha todos os procedimentos de resposta, sendo a primeira obrigação da Congregação para com as vítimas a sua proteção, cuidados e reconciliação;</p>



<p>Acompanhamento de qualquer suspeito ou acusado de ter cometido um ato de abuso, verificando-se e cumprindo-se as normas subjacentes à legislação civil e canónica;</p>



<p>À luz do Evangelho e do carisma das Irmãs de S. José de Cluny, é firmado o compromisso de seguir e aplicar as diretivas instituídas, numa lógica de reflexão regular e melhoria contínua das boas práticas para a proteção de menores e adultos em situação de vulnerabilidade.</p>



<figure class="wp-block-gallery columns-2 is-cropped wp-block-gallery-1 is-layout-flex wp-block-gallery-is-layout-flex"><ul class="blocks-gallery-grid"><li class="blocks-gallery-item"><figure><img loading="lazy" decoding="async" width="728" height="1024" src="https://clunyportugal.com/ppsjc/wp-content/uploads/2020/04/flyer_frente-728x1024.png" alt="" data-id="995" data-full-url="https://clunyportugal.com/ppsjc/wp-content/uploads/2020/04/flyer_frente.png" data-link="https://clunyportugal.com/ppsjc/sipc/flyer_frente/#main" class="wp-image-995" srcset="https://clunyportugal.com/ppsjc/wp-content/uploads/2020/04/flyer_frente-728x1024.png 728w, https://clunyportugal.com/ppsjc/wp-content/uploads/2020/04/flyer_frente-213x300.png 213w, https://clunyportugal.com/ppsjc/wp-content/uploads/2020/04/flyer_frente-768x1080.png 768w, https://clunyportugal.com/ppsjc/wp-content/uploads/2020/04/flyer_frente.png 993w" sizes="auto, (max-width: 728px) 100vw, 728px" /></figure></li><li class="blocks-gallery-item"><figure><img loading="lazy" decoding="async" width="728" height="1024" src="https://clunyportugal.com/ppsjc/wp-content/uploads/2020/04/flyer_verso-728x1024.png" alt="" data-id="996" data-full-url="https://clunyportugal.com/ppsjc/wp-content/uploads/2020/04/flyer_verso.png" data-link="https://clunyportugal.com/ppsjc/sipc/flyer_verso/#main" class="wp-image-996" srcset="https://clunyportugal.com/ppsjc/wp-content/uploads/2020/04/flyer_verso-728x1024.png 728w, https://clunyportugal.com/ppsjc/wp-content/uploads/2020/04/flyer_verso-213x300.png 213w, https://clunyportugal.com/ppsjc/wp-content/uploads/2020/04/flyer_verso-768x1080.png 768w, https://clunyportugal.com/ppsjc/wp-content/uploads/2020/04/flyer_verso.png 993w" sizes="auto, (max-width: 728px) 100vw, 728px" /></figure></li></ul></figure>

<p>A Província Portuguesa das Irmãs de S. José de Cluny apresenta-se comprometida com uma política relativa à Proteção de Menores e Adultos em Situação de Vulnerabilidade assente nos seguintes princípios: A proteção da dignidade e os direitos fundamentais de todas as pessoas que lhes são confiadas e, mais particularmente, as crianças, os jovens e os [&hellip;]</p>
<p class="more-link"><a href="https://clunyportugal.com/ppsjc/sipc/"  class="themebutton">Read More</a></p>
