{"id":498,"date":"2020-03-02T20:10:05","date_gmt":"2020-03-02T20:10:05","guid":{"rendered":"https:\/\/clunyportugal.com\/ppsjc\/?page_id=498"},"modified":"2020-03-02T22:58:19","modified_gmt":"2020-03-02T22:58:19","slug":"centro-social-do-menino-deus-2","status":"publish","type":"page","link":"https:\/\/clunyportugal.com\/ppsjc\/centro-social-do-menino-deus-2\/","title":{"rendered":"Centro Social do Menino Deus"},"content":{"rendered":"\n<figure class=\"wp-block-image size-large\"><img loading=\"lazy\" decoding=\"async\" width=\"960\" height=\"215\" src=\"https:\/\/clunyportugal.com\/ppsjc\/wp-content\/uploads\/2020\/03\/banner1-5.png\" alt=\"\" class=\"wp-image-444\" srcset=\"https:\/\/clunyportugal.com\/ppsjc\/wp-content\/uploads\/2020\/03\/banner1-5.png 960w, https:\/\/clunyportugal.com\/ppsjc\/wp-content\/uploads\/2020\/03\/banner1-5-300x67.png 300w, https:\/\/clunyportugal.com\/ppsjc\/wp-content\/uploads\/2020\/03\/banner1-5-768x172.png 768w\" sizes=\"auto, (max-width: 960px) 100vw, 960px\" \/><\/figure>\n\n\n\n<p class=\"has-medium-font-size\">Centro Social do Menino Deus<\/p>\n\n\n\n<p>O Centro Social do Menino Deus \u00e9 uma Institui\u00e7\u00e3o Particular de Solidariedade Social (IPSS) que recebe crian\u00e7as a partir de 1 ano at\u00e9 aos 5 anos.&nbsp;<\/p>\n\n\n\n<p>Est\u00e1 situado numa das sete colinas da Cidade de Lisboa, Freguesia de Santa Maria Maior, junto ao Castelo de S. Jorge, desde 1945,data em que as Irm\u00e3s de S. Jos\u00e9 de Cluny se disponibilizaram para formar jovens oper\u00e1rias, adolescentes e crian\u00e7as.&nbsp;&nbsp;<\/p>\n\n\n\n<p>Posteriormente em 1970 foi aberto o Conv\u00edvio para a Terceira Idade e Dispens\u00e1rio. Hoje, no Centro Social do Menino Deus, funcionam duas Val\u00eancias: Creche e Pr\u00e9-escolar, bem como outras actividades de car\u00e1cter pastoral. Devido ao fen\u00f3meno imigrat\u00f3rio, os nossos utentes s\u00e3o de v\u00e1rias nacionalidades, de confiss\u00f5es religiosas diferentes, da ideologia da nossa Institui\u00e7\u00e3o. No entanto, h\u00e1 um ambiente de grande respeito intercultural. Formamos uma grande fam\u00edlia.&nbsp;<\/p>\n\n\n\n<p class=\"has-medium-font-size\">Miss\u00e3o:<\/p>\n\n\n\n<p>\u2022 Dispon\u00edveis para dar resposta \u00e0s necessidades das fam\u00edlias, e atentas ao desenvolvimento dos seus filhos, procuramos:&nbsp;<br>\u2022 Desenvolver a personalidade da crian\u00e7a num ambiente feliz;<br>\u2022 Orientar a crian\u00e7a para a autonomia e responsabilidade;<br>\u2022 Incentivar \u00e0 descoberta do mundo que a rodeia: fam\u00edlia, rua, cidade\u2026&nbsp;<br>\u2022 Ajudar a descobrir a sua interioridade, moral e espiritual;<br>\u2022 Fazer deste Centro um lugar onde se gosta de estar.<\/p>\n\n\n\n<figure class=\"wp-block-gallery columns-2 is-cropped wp-block-gallery-1 is-layout-flex wp-block-gallery-is-layout-flex\"><ul class=\"blocks-gallery-grid\"><li class=\"blocks-gallery-item\"><figure><img loading=\"lazy\" decoding=\"async\" width=\"600\" height=\"370\" src=\"https:\/\/clunyportugal.com\/ppsjc\/wp-content\/uploads\/2020\/03\/sala.png\" alt=\"\" data-id=\"507\" data-full-url=\"https:\/\/clunyportugal.com\/ppsjc\/wp-content\/uploads\/2020\/03\/sala.png\" data-link=\"https:\/\/clunyportugal.com\/ppsjc\/sala-2\/\" class=\"wp-image-507\" srcset=\"https:\/\/clunyportugal.com\/ppsjc\/wp-content\/uploads\/2020\/03\/sala.png 600w, https:\/\/clunyportugal.com\/ppsjc\/wp-content\/uploads\/2020\/03\/sala-300x185.png 300w\" sizes=\"auto, (max-width: 600px) 100vw, 600px\" \/><\/figure><\/li><li class=\"blocks-gallery-item\"><figure><img loading=\"lazy\" decoding=\"async\" width=\"510\" height=\"669\" src=\"https:\/\/clunyportugal.com\/ppsjc\/wp-content\/uploads\/2020\/03\/cartaz.png\" alt=\"\" data-id=\"499\" data-full-url=\"https:\/\/clunyportugal.com\/ppsjc\/wp-content\/uploads\/2020\/03\/cartaz.png\" data-link=\"https:\/\/clunyportugal.com\/ppsjc\/cartaz\/\" class=\"wp-image-499\" srcset=\"https:\/\/clunyportugal.com\/ppsjc\/wp-content\/uploads\/2020\/03\/cartaz.png 510w, https:\/\/clunyportugal.com\/ppsjc\/wp-content\/uploads\/2020\/03\/cartaz-229x300.png 229w\" sizes=\"auto, (max-width: 510px) 100vw, 510px\" \/><\/figure><\/li><li class=\"blocks-gallery-item\"><figure><img loading=\"lazy\" decoding=\"async\" width=\"564\" height=\"668\" src=\"https:\/\/clunyportugal.com\/ppsjc\/wp-content\/uploads\/2020\/03\/rezar.png\" alt=\"\" data-id=\"506\" data-full-url=\"https:\/\/clunyportugal.com\/ppsjc\/wp-content\/uploads\/2020\/03\/rezar.png\" data-link=\"https:\/\/clunyportugal.com\/ppsjc\/rezar\/\" class=\"wp-image-506\" srcset=\"https:\/\/clunyportugal.com\/ppsjc\/wp-content\/uploads\/2020\/03\/rezar.png 564w, https:\/\/clunyportugal.com\/ppsjc\/wp-content\/uploads\/2020\/03\/rezar-253x300.png 253w\" sizes=\"auto, (max-width: 564px) 100vw, 564px\" \/><\/figure><\/li><li class=\"blocks-gallery-item\"><figure><img loading=\"lazy\" decoding=\"async\" width=\"490\" height=\"567\" src=\"https:\/\/clunyportugal.com\/ppsjc\/wp-content\/uploads\/2020\/03\/olaria.png\" alt=\"\" data-id=\"505\" data-full-url=\"https:\/\/clunyportugal.com\/ppsjc\/wp-content\/uploads\/2020\/03\/olaria.png\" data-link=\"https:\/\/clunyportugal.com\/ppsjc\/olaria\/\" class=\"wp-image-505\" srcset=\"https:\/\/clunyportugal.com\/ppsjc\/wp-content\/uploads\/2020\/03\/olaria.png 490w, https:\/\/clunyportugal.com\/ppsjc\/wp-content\/uploads\/2020\/03\/olaria-259x300.png 259w\" sizes=\"auto, (max-width: 490px) 100vw, 490px\" \/><\/figure><\/li><li class=\"blocks-gallery-item\"><figure><img loading=\"lazy\" decoding=\"async\" width=\"560\" height=\"555\" src=\"https:\/\/clunyportugal.com\/ppsjc\/wp-content\/uploads\/2020\/03\/fotos3.png\" alt=\"\" data-id=\"504\" data-full-url=\"https:\/\/clunyportugal.com\/ppsjc\/wp-content\/uploads\/2020\/03\/fotos3.png\" data-link=\"https:\/\/clunyportugal.com\/ppsjc\/fotos3\/\" class=\"wp-image-504\" srcset=\"https:\/\/clunyportugal.com\/ppsjc\/wp-content\/uploads\/2020\/03\/fotos3.png 560w, https:\/\/clunyportugal.com\/ppsjc\/wp-content\/uploads\/2020\/03\/fotos3-300x297.png 300w, https:\/\/clunyportugal.com\/ppsjc\/wp-content\/uploads\/2020\/03\/fotos3-150x150.png 150w, https:\/\/clunyportugal.com\/ppsjc\/wp-content\/uploads\/2020\/03\/fotos3-53x53.png 53w\" sizes=\"auto, (max-width: 560px) 100vw, 560px\" \/><\/figure><\/li><li class=\"blocks-gallery-item\"><figure><img loading=\"lazy\" decoding=\"async\" width=\"553\" height=\"816\" src=\"https:\/\/clunyportugal.com\/ppsjc\/wp-content\/uploads\/2020\/03\/fotos2.png\" alt=\"\" data-id=\"502\" data-full-url=\"https:\/\/clunyportugal.com\/ppsjc\/wp-content\/uploads\/2020\/03\/fotos2.png\" data-link=\"https:\/\/clunyportugal.com\/ppsjc\/fotos2\/\" class=\"wp-image-502\" srcset=\"https:\/\/clunyportugal.com\/ppsjc\/wp-content\/uploads\/2020\/03\/fotos2.png 553w, https:\/\/clunyportugal.com\/ppsjc\/wp-content\/uploads\/2020\/03\/fotos2-203x300.png 203w\" sizes=\"auto, (max-width: 553px) 100vw, 553px\" \/><\/figure><\/li><li class=\"blocks-gallery-item\"><figure><img loading=\"lazy\" decoding=\"async\" width=\"476\" height=\"927\" src=\"https:\/\/clunyportugal.com\/ppsjc\/wp-content\/uploads\/2020\/03\/fotos1.png\" alt=\"\" data-id=\"501\" data-full-url=\"https:\/\/clunyportugal.com\/ppsjc\/wp-content\/uploads\/2020\/03\/fotos1.png\" data-link=\"https:\/\/clunyportugal.com\/ppsjc\/fotos1\/\" class=\"wp-image-501\" srcset=\"https:\/\/clunyportugal.com\/ppsjc\/wp-content\/uploads\/2020\/03\/fotos1.png 476w, https:\/\/clunyportugal.com\/ppsjc\/wp-content\/uploads\/2020\/03\/fotos1-154x300.png 154w\" sizes=\"auto, (max-width: 476px) 100vw, 476px\" \/><\/figure><\/li><li class=\"blocks-gallery-item\"><figure><img loading=\"lazy\" decoding=\"async\" width=\"420\" height=\"556\" src=\"https:\/\/clunyportugal.com\/ppsjc\/wp-content\/uploads\/2020\/03\/danca.png\" alt=\"\" data-id=\"500\" data-full-url=\"https:\/\/clunyportugal.com\/ppsjc\/wp-content\/uploads\/2020\/03\/danca.png\" data-link=\"https:\/\/clunyportugal.com\/ppsjc\/danca\/\" class=\"wp-image-500\" srcset=\"https:\/\/clunyportugal.com\/ppsjc\/wp-content\/uploads\/2020\/03\/danca.png 420w, https:\/\/clunyportugal.com\/ppsjc\/wp-content\/uploads\/2020\/03\/danca-227x300.png 227w\" sizes=\"auto, (max-width: 420px) 100vw, 420px\" \/><\/figure><\/li><\/ul><\/figure>\n","protected":false},"excerpt":{"rendered":"<p>Centro Social do Menino Deus O Centro Social do Menino Deus \u00e9 uma Institui\u00e7\u00e3o Particular de Solidariedade Social (IPSS) que recebe crian\u00e7as a partir de 1 ano at\u00e9 aos 5 anos.&nbsp; Est\u00e1 situado numa das sete colinas da Cidade de Lisboa, Freguesia de Santa Maria Maior, junto ao Castelo de S. Jorge, desde 1945,data em [&hellip;]<\/p>\n<p class=\"more-link\"><a href=\"https:\/\/clunyportugal.com\/ppsjc\/centro-social-do-menino-deus-2\/\"  class=\"themebutton\">Read More<\/a><\/p>\n","protected":false},"author":1,"featured_media":444,"parent":0,"menu_order":0,"comment_status":"closed","ping_status":"closed","template":"","meta":{"footnotes":""},"categories":[13],"tags":[],"class_list":["post-498","page","type-page","status-publish","has-post-thumbnail","hentry","category-ipss"],"_links":{"self":[{"href":"https:\/\/clunyportugal.com\/ppsjc\/wp-json\/wp\/v2\/pages\/498","targetHints":{"allow":["GET"]}}],"collection":[{"href":"https:\/\/clunyportugal.com\/ppsjc\/wp-json\/wp\/v2\/pages"}],"about":[{"href":"https:\/\/clunyportugal.com\/ppsjc\/wp-json\/wp\/v2\/types\/page"}],"author":[{"embeddable":true,"href":"https:\/\/clunyportugal.com\/ppsjc\/wp-json\/wp\/v2\/users\/1"}],"replies":[{"embeddable":true,"href":"https:\/\/clunyportugal.com\/ppsjc\/wp-json\/wp\/v2\/comments?post=498"}],"version-history":[{"count":4,"href":"https:\/\/clunyportugal.com\/ppsjc\/wp-json\/wp\/v2\/pages\/498\/revisions"}],"predecessor-version":[{"id":533,"href":"https:\/\/clunyportugal.com\/ppsjc\/wp-json\/wp\/v2\/pages\/498\/revisions\/533"}],"wp:featuredmedia":[{"embeddable":true,"href":"https:\/\/clunyportugal.com\/ppsjc\/wp-json\/wp\/v2\/media\/444"}],"wp:attachment":[{"href":"https:\/\/clunyportugal.com\/ppsjc\/wp-json\/wp\/v2\/media?parent=498"}],"wp:term":[{"taxonomy":"category","embeddable":true,"href":"https:\/\/clunyportugal.com\/ppsjc\/wp-json\/wp\/v2\/categories?post=498"},{"taxonomy":"post_tag","embeddable":true,"href":"https:\/\/clunyportugal.com\/ppsjc\/wp-json\/wp\/v2\/tags?post=498"}],"curies":[{"name":"wp","href":"https:\/\/api.w.org\/{rel}","templated":true}]}}

<figure class="wp-block-image size-large"><img loading="lazy" decoding="async" width="960" height="215" src="https://clunyportugal.com/ppsjc/wp-content/uploads/2020/03/banner1-5.png" alt="" class="wp-image-444" srcset="https://clunyportugal.com/ppsjc/wp-content/uploads/2020/03/banner1-5.png 960w, https://clunyportugal.com/ppsjc/wp-content/uploads/2020/03/banner1-5-300x67.png 300w, https://clunyportugal.com/ppsjc/wp-content/uploads/2020/03/banner1-5-768x172.png 768w" sizes="auto, (max-width: 960px) 100vw, 960px" /></figure>



<p class="has-medium-font-size">Centro Social do Menino Deus</p>



<p>O Centro Social do Menino Deus é uma Instituição Particular de Solidariedade Social (IPSS) que recebe crianças a partir de 1 ano até aos 5 anos.&nbsp;</p>



<p>Está situado numa das sete colinas da Cidade de Lisboa, Freguesia de Santa Maria Maior, junto ao Castelo de S. Jorge, desde 1945,data em que as Irmãs de S. José de Cluny se disponibilizaram para formar jovens operárias, adolescentes e crianças.&nbsp;&nbsp;</p>



<p>Posteriormente em 1970 foi aberto o Convívio para a Terceira Idade e Dispensário. Hoje, no Centro Social do Menino Deus, funcionam duas Valências: Creche e Pré-escolar, bem como outras actividades de carácter pastoral. Devido ao fenómeno imigratório, os nossos utentes são de várias nacionalidades, de confissões religiosas diferentes, da ideologia da nossa Instituição. No entanto, há um ambiente de grande respeito intercultural. Formamos uma grande família.&nbsp;</p>



<p class="has-medium-font-size">Missão:</p>



<p>• Disponíveis para dar resposta às necessidades das famílias, e atentas ao desenvolvimento dos seus filhos, procuramos:&nbsp;<br>• Desenvolver a personalidade da criança num ambiente feliz;<br>• Orientar a criança para a autonomia e responsabilidade;<br>• Incentivar à descoberta do mundo que a rodeia: família, rua, cidade…&nbsp;<br>• Ajudar a descobrir a sua interioridade, moral e espiritual;<br>• Fazer deste Centro um lugar onde se gosta de estar.</p>



<figure class="wp-block-gallery columns-2 is-cropped wp-block-gallery-1 is-layout-flex wp-block-gallery-is-layout-flex"><ul class="blocks-gallery-grid"><li class="blocks-gallery-item"><figure><img loading="lazy" decoding="async" width="600" height="370" src="https://clunyportugal.com/ppsjc/wp-content/uploads/2020/03/sala.png" alt="" data-id="507" data-full-url="https://clunyportugal.com/ppsjc/wp-content/uploads/2020/03/sala.png" data-link="https://clunyportugal.com/ppsjc/sala-2/" class="wp-image-507" srcset="https://clunyportugal.com/ppsjc/wp-content/uploads/2020/03/sala.png 600w, https://clunyportugal.com/ppsjc/wp-content/uploads/2020/03/sala-300x185.png 300w" sizes="auto, (max-width: 600px) 100vw, 600px" /></figure></li><li class="blocks-gallery-item"><figure><img loading="lazy" decoding="async" width="510" height="669" src="https://clunyportugal.com/ppsjc/wp-content/uploads/2020/03/cartaz.png" alt="" data-id="499" data-full-url="https://clunyportugal.com/ppsjc/wp-content/uploads/2020/03/cartaz.png" data-link="https://clunyportugal.com/ppsjc/cartaz/" class="wp-image-499" srcset="https://clunyportugal.com/ppsjc/wp-content/uploads/2020/03/cartaz.png 510w, https://clunyportugal.com/ppsjc/wp-content/uploads/2020/03/cartaz-229x300.png 229w" sizes="auto, (max-width: 510px) 100vw, 510px" /></figure></li><li class="blocks-gallery-item"><figure><img loading="lazy" decoding="async" width="564" height="668" src="https://clunyportugal.com/ppsjc/wp-content/uploads/2020/03/rezar.png" alt="" data-id="506" data-full-url="https://clunyportugal.com/ppsjc/wp-content/uploads/2020/03/rezar.png" data-link="https://clunyportugal.com/ppsjc/rezar/" class="wp-image-506" srcset="https://clunyportugal.com/ppsjc/wp-content/uploads/2020/03/rezar.png 564w, https://clunyportugal.com/ppsjc/wp-content/uploads/2020/03/rezar-253x300.png 253w" sizes="auto, (max-width: 564px) 100vw, 564px" /></figure></li><li class="blocks-gallery-item"><figure><img loading="lazy" decoding="async" width="490" height="567" src="https://clunyportugal.com/ppsjc/wp-content/uploads/2020/03/olaria.png" alt="" data-id="505" data-full-url="https://clunyportugal.com/ppsjc/wp-content/uploads/2020/03/olaria.png" data-link="https://clunyportugal.com/ppsjc/olaria/" class="wp-image-505" srcset="https://clunyportugal.com/ppsjc/wp-content/uploads/2020/03/olaria.png 490w, https://clunyportugal.com/ppsjc/wp-content/uploads/2020/03/olaria-259x300.png 259w" sizes="auto, (max-width: 490px) 100vw, 490px" /></figure></li><li class="blocks-gallery-item"><figure><img loading="lazy" decoding="async" width="560" height="555" src="https://clunyportugal.com/ppsjc/wp-content/uploads/2020/03/fotos3.png" alt="" data-id="504" data-full-url="https://clunyportugal.com/ppsjc/wp-content/uploads/2020/03/fotos3.png" data-link="https://clunyportugal.com/ppsjc/fotos3/" class="wp-image-504" srcset="https://clunyportugal.com/ppsjc/wp-content/uploads/2020/03/fotos3.png 560w, https://clunyportugal.com/ppsjc/wp-content/uploads/2020/03/fotos3-300x297.png 300w, https://clunyportugal.com/ppsjc/wp-content/uploads/2020/03/fotos3-150x150.png 150w, https://clunyportugal.com/ppsjc/wp-content/uploads/2020/03/fotos3-53x53.png 53w" sizes="auto, (max-width: 560px) 100vw, 560px" /></figure></li><li class="blocks-gallery-item"><figure><img loading="lazy" decoding="async" width="553" height="816" src="https://clunyportugal.com/ppsjc/wp-content/uploads/2020/03/fotos2.png" alt="" data-id="502" data-full-url="https://clunyportugal.com/ppsjc/wp-content/uploads/2020/03/fotos2.png" data-link="https://clunyportugal.com/ppsjc/fotos2/" class="wp-image-502" srcset="https://clunyportugal.com/ppsjc/wp-content/uploads/2020/03/fotos2.png 553w, https://clunyportugal.com/ppsjc/wp-content/uploads/2020/03/fotos2-203x300.png 203w" sizes="auto, (max-width: 553px) 100vw, 553px" /></figure></li><li class="blocks-gallery-item"><figure><img loading="lazy" decoding="async" width="476" height="927" src="https://clunyportugal.com/ppsjc/wp-content/uploads/2020/03/fotos1.png" alt="" data-id="501" data-full-url="https://clunyportugal.com/ppsjc/wp-content/uploads/2020/03/fotos1.png" data-link="https://clunyportugal.com/ppsjc/fotos1/" class="wp-image-501" srcset="https://clunyportugal.com/ppsjc/wp-content/uploads/2020/03/fotos1.png 476w, https://clunyportugal.com/ppsjc/wp-content/uploads/2020/03/fotos1-154x300.png 154w" sizes="auto, (max-width: 476px) 100vw, 476px" /></figure></li><li class="blocks-gallery-item"><figure><img loading="lazy" decoding="async" width="420" height="556" src="https://clunyportugal.com/ppsjc/wp-content/uploads/2020/03/danca.png" alt="" data-id="500" data-full-url="https://clunyportugal.com/ppsjc/wp-content/uploads/2020/03/danca.png" data-link="https://clunyportugal.com/ppsjc/danca/" class="wp-image-500" srcset="https://clunyportugal.com/ppsjc/wp-content/uploads/2020/03/danca.png 420w, https://clunyportugal.com/ppsjc/wp-content/uploads/2020/03/danca-227x300.png 227w" sizes="auto, (max-width: 420px) 100vw, 420px" /></figure></li></ul></figure>

<p>Centro Social do Menino Deus O Centro Social do Menino Deus é uma Instituição Particular de Solidariedade Social (IPSS) que recebe crianças a partir de 1 ano até aos 5 anos.&nbsp; Está situado numa das sete colinas da Cidade de Lisboa, Freguesia de Santa Maria Maior, junto ao Castelo de S. Jorge, desde 1945,data em [&hellip;]</p>
<p class="more-link"><a href="https://clunyportugal.com/ppsjc/centro-social-do-menino-deus-2/"  class="themebutton">Read More</a></p>
