{"id":475,"date":"2020-03-02T19:59:04","date_gmt":"2020-03-02T19:59:04","guid":{"rendered":"https:\/\/clunyportugal.com\/ppsjc\/?page_id=475"},"modified":"2020-03-02T22:52:18","modified_gmt":"2020-03-02T22:52:18","slug":"centro-de-bem-estar-infantil-de-alcobaca","status":"publish","type":"page","link":"https:\/\/clunyportugal.com\/ppsjc\/centro-de-bem-estar-infantil-de-alcobaca\/","title":{"rendered":"Centro de Bem Estar Infantil de Alcoba\u00e7a"},"content":{"rendered":"\n<figure class=\"wp-block-image size-large\"><img loading=\"lazy\" decoding=\"async\" width=\"960\" height=\"215\" src=\"https:\/\/clunyportugal.com\/ppsjc\/wp-content\/uploads\/2020\/03\/banner1-3.png\" alt=\"\" class=\"wp-image-426\" srcset=\"https:\/\/clunyportugal.com\/ppsjc\/wp-content\/uploads\/2020\/03\/banner1-3.png 960w, https:\/\/clunyportugal.com\/ppsjc\/wp-content\/uploads\/2020\/03\/banner1-3-300x67.png 300w, https:\/\/clunyportugal.com\/ppsjc\/wp-content\/uploads\/2020\/03\/banner1-3-768x172.png 768w\" sizes=\"auto, (max-width: 960px) 100vw, 960px\" \/><\/figure>\n\n\n\n<p class=\"has-medium-font-size\">Centro de Bem Estar Infantil de Alcoba\u00e7a<\/p>\n\n\n\n<p>O Centro Infantil de Alcoba\u00e7a, pertence \u00e0 Congrega\u00e7\u00e3o de S. Jos\u00e9 de Cluny. A sua fundadora, Ana Maria Javouhey, de origem francesa, fundou a Congrega\u00e7\u00e3o no ano de 1807.&nbsp;<\/p>\n\n\n\n<p>Desde a sua origem, as Irm\u00e3s t\u00eam-se dedicado \u00e0 Educa\u00e7\u00e3o, Sa\u00fade, Envangeliza\u00e7\u00e3o, A\u00e7\u00e3o Social \u2026 \u201cEstar em toda a parte onde houver bem a fazer e sofrimento a aliviar\u201d (Ana Maria Javouhey).&nbsp;&nbsp;<\/p>\n\n\n\n<p>Foi em Junho de 1973 que chegaram a Alcoba\u00e7a tr\u00eas Irm\u00e3s da Congrega\u00e7\u00e3o de S. Jos\u00e9 de Cluny, para ocuparem a ent\u00e3o chamada &#8220;Casa de Retiro&#8221; que a vi\u00fava D. Cristina Rino legou \u00e0 Congrega\u00e7\u00e3o. Esta benem\u00e9rita senhora, j\u00e1 em 1965 tinha manifestado o desejo de doar a sua resid\u00eancia, a uma Congrega\u00e7\u00e3o de origem estrangeira. A Comunidade foi constitu\u00edda canonicamente a 12 de Junho de 1975, com cinco Irm\u00e3s.&nbsp;&nbsp;<\/p>\n\n\n\n<p>No seguimento de Ana Maria Javouhey, as Irm\u00e3s de S. Jos\u00e9 de Cluny, herdeiras de um patrim\u00f3nio t\u00e3o rico e extraordin\u00e1rio, alicer\u00e7am a sua a\u00e7\u00e3o educativa tendo como fontes de inspira\u00e7\u00e3o:&nbsp;<\/p>\n\n\n\n<p>\u2022\tA B\u00edblia;<br>\u2022 Os Documentos da Igreja sobre a Educa\u00e7\u00e3o e Ac\u00e7\u00e3o Social;<br>\u2022 A din\u00e2mica educativa, pr\u00f3pria da Fundadora Ana Maria Javouhey;<br>\u2022 A tradi\u00e7\u00e3o educativa da Congrega\u00e7\u00e3o de S. Jos\u00e9 de Cluny;<br>\u2022 A Declara\u00e7\u00e3o Universal dos Direitos Humanos;<br>\u2022 Declara\u00e7\u00e3o Universal dos Direitos da crian\u00e7a;&nbsp;<br>\u2022 As Orienta\u00e7\u00f5es Curriculares do Minist\u00e9rio da Educa\u00e7\u00e3o;<br>\u2022 Orienta\u00e7\u00f5es da Seguran\u00e7a Social \u2013 (legisla\u00e7\u00e3o aplic\u00e1vel e modelo de qualidade Creche).&nbsp;<\/p>\n\n\n\n<p>Depois de adapta\u00e7\u00f5es necess\u00e1rias e de um estudo das necessidades da popula\u00e7\u00e3o local, viu-se que era urgente e poss\u00edvel acolher crian\u00e7as cujas m\u00e3es trabalhavam fora do lar.&nbsp;<\/p>\n\n\n\n<p>O Centro de Bem Estar Infantil passou a ser uma Institui\u00e7\u00e3o Particular de Solidariedade Social desde Dezembro de 1975, (IPSS) sem fins lucrativos a cargo da Prov\u00edncia Portuguesa da Congrega\u00e7\u00e3o de S. Jos\u00e9 de Cluny. Tem a sua sede na Av. dos Combatentes n\u00ba 1 em Alcoba\u00e7a, Concelho de Alcoba\u00e7a, canonicamente ereta com personalidade jur\u00eddica no foro can\u00f3nico e civil que pretende participar na Miss\u00e3o Educativa da Igreja, como escola aberta a todos, servi\u00e7o \u00e0 comunidade local e um lugar de encontro.&nbsp;<\/p>\n\n\n\n<p>Funciona em regime de externato e tem por finalidades principais o apoio a crian\u00e7as e jovens, \u00e0 fam\u00edlia, bem como \u00e0 integra\u00e7\u00e3o social e comunit\u00e1ria, contribuindo desta forma para a promo\u00e7\u00e3o integral de todos os que dela necessitam. Tem espa\u00e7os bel\u00edssimos onde as crian\u00e7as podem usufruir para brincar\u2026<\/p>\n\n\n\n<p>O Centro, al\u00e9m das irm\u00e3s, possui um bom grupo de colaboradoras, formado por uma equipa t\u00e9cnica docente e n\u00e3o docente, tendo em funcionamento duas val\u00eancias: Creche e Educa\u00e7\u00e3o Pr\u00e9-Escolar. Trabalhando sempre tendo em conta a pedagogia educacional Cluny e as Orienta\u00e7\u00f5es do Minist\u00e9rio da Educa\u00e7\u00e3o para a val\u00eancia de Educa\u00e7\u00e3o Pr\u00e9-escolar, e Orienta\u00e7\u00f5es da Seguran\u00e7a Social \u2013 (legisla\u00e7\u00e3o aplic\u00e1vel e modelo de qualidade Creche).&nbsp;<\/p>\n\n\n\n<p><strong>Podem consultar facebook- Centro de Bem Estar Infantil &#8211; Alcoba\u00e7a<\/strong><\/p>\n\n\n\n<figure class=\"wp-block-gallery columns-2 is-cropped wp-block-gallery-1 is-layout-flex wp-block-gallery-is-layout-flex\"><ul class=\"blocks-gallery-grid\"><li class=\"blocks-gallery-item\"><figure><img loading=\"lazy\" decoding=\"async\" width=\"600\" height=\"450\" src=\"https:\/\/clunyportugal.com\/ppsjc\/wp-content\/uploads\/2020\/03\/exterior.jpg\" alt=\"\" data-id=\"482\" data-full-url=\"https:\/\/clunyportugal.com\/ppsjc\/wp-content\/uploads\/2020\/03\/exterior.jpg\" data-link=\"https:\/\/clunyportugal.com\/ppsjc\/exterior\/\" class=\"wp-image-482\" srcset=\"https:\/\/clunyportugal.com\/ppsjc\/wp-content\/uploads\/2020\/03\/exterior.jpg 600w, https:\/\/clunyportugal.com\/ppsjc\/wp-content\/uploads\/2020\/03\/exterior-300x225.jpg 300w, https:\/\/clunyportugal.com\/ppsjc\/wp-content\/uploads\/2020\/03\/exterior-380x285.jpg 380w, https:\/\/clunyportugal.com\/ppsjc\/wp-content\/uploads\/2020\/03\/exterior-285x214.jpg 285w\" sizes=\"auto, (max-width: 600px) 100vw, 600px\" \/><\/figure><\/li><li class=\"blocks-gallery-item\"><figure><img loading=\"lazy\" decoding=\"async\" width=\"600\" height=\"450\" src=\"https:\/\/clunyportugal.com\/ppsjc\/wp-content\/uploads\/2020\/03\/sala.jpg\" alt=\"\" data-id=\"481\" data-full-url=\"https:\/\/clunyportugal.com\/ppsjc\/wp-content\/uploads\/2020\/03\/sala.jpg\" data-link=\"https:\/\/clunyportugal.com\/ppsjc\/sala\/\" class=\"wp-image-481\" srcset=\"https:\/\/clunyportugal.com\/ppsjc\/wp-content\/uploads\/2020\/03\/sala.jpg 600w, https:\/\/clunyportugal.com\/ppsjc\/wp-content\/uploads\/2020\/03\/sala-300x225.jpg 300w, https:\/\/clunyportugal.com\/ppsjc\/wp-content\/uploads\/2020\/03\/sala-380x285.jpg 380w, https:\/\/clunyportugal.com\/ppsjc\/wp-content\/uploads\/2020\/03\/sala-285x214.jpg 285w\" sizes=\"auto, (max-width: 600px) 100vw, 600px\" \/><\/figure><\/li><li class=\"blocks-gallery-item\"><figure><img loading=\"lazy\" decoding=\"async\" width=\"600\" height=\"338\" src=\"https:\/\/clunyportugal.com\/ppsjc\/wp-content\/uploads\/2020\/03\/sala_2.jpg\" alt=\"\" data-id=\"480\" data-full-url=\"https:\/\/clunyportugal.com\/ppsjc\/wp-content\/uploads\/2020\/03\/sala_2.jpg\" data-link=\"https:\/\/clunyportugal.com\/ppsjc\/sala_2\/\" class=\"wp-image-480\" srcset=\"https:\/\/clunyportugal.com\/ppsjc\/wp-content\/uploads\/2020\/03\/sala_2.jpg 600w, https:\/\/clunyportugal.com\/ppsjc\/wp-content\/uploads\/2020\/03\/sala_2-300x169.jpg 300w\" sizes=\"auto, (max-width: 600px) 100vw, 600px\" \/><\/figure><\/li><li class=\"blocks-gallery-item\"><figure><img loading=\"lazy\" decoding=\"async\" width=\"600\" height=\"338\" src=\"https:\/\/clunyportugal.com\/ppsjc\/wp-content\/uploads\/2020\/03\/fonte.jpg\" alt=\"\" data-id=\"479\" data-full-url=\"https:\/\/clunyportugal.com\/ppsjc\/wp-content\/uploads\/2020\/03\/fonte.jpg\" data-link=\"https:\/\/clunyportugal.com\/ppsjc\/fonte\/\" class=\"wp-image-479\" srcset=\"https:\/\/clunyportugal.com\/ppsjc\/wp-content\/uploads\/2020\/03\/fonte.jpg 600w, https:\/\/clunyportugal.com\/ppsjc\/wp-content\/uploads\/2020\/03\/fonte-300x169.jpg 300w\" sizes=\"auto, (max-width: 600px) 100vw, 600px\" \/><\/figure><\/li><li class=\"blocks-gallery-item\"><figure><img loading=\"lazy\" decoding=\"async\" width=\"600\" height=\"338\" src=\"https:\/\/clunyportugal.com\/ppsjc\/wp-content\/uploads\/2020\/03\/carnaval.jpg\" alt=\"\" data-id=\"478\" data-full-url=\"https:\/\/clunyportugal.com\/ppsjc\/wp-content\/uploads\/2020\/03\/carnaval.jpg\" data-link=\"https:\/\/clunyportugal.com\/ppsjc\/carnaval-2\/\" class=\"wp-image-478\" srcset=\"https:\/\/clunyportugal.com\/ppsjc\/wp-content\/uploads\/2020\/03\/carnaval.jpg 600w, https:\/\/clunyportugal.com\/ppsjc\/wp-content\/uploads\/2020\/03\/carnaval-300x169.jpg 300w\" sizes=\"auto, (max-width: 600px) 100vw, 600px\" \/><\/figure><\/li><li class=\"blocks-gallery-item\"><figure><img loading=\"lazy\" decoding=\"async\" width=\"600\" height=\"450\" src=\"https:\/\/clunyportugal.com\/ppsjc\/wp-content\/uploads\/2020\/03\/carnaval_6.jpg\" alt=\"\" data-id=\"477\" data-full-url=\"https:\/\/clunyportugal.com\/ppsjc\/wp-content\/uploads\/2020\/03\/carnaval_6.jpg\" data-link=\"https:\/\/clunyportugal.com\/ppsjc\/carnaval_6\/\" class=\"wp-image-477\" srcset=\"https:\/\/clunyportugal.com\/ppsjc\/wp-content\/uploads\/2020\/03\/carnaval_6.jpg 600w, https:\/\/clunyportugal.com\/ppsjc\/wp-content\/uploads\/2020\/03\/carnaval_6-300x225.jpg 300w, https:\/\/clunyportugal.com\/ppsjc\/wp-content\/uploads\/2020\/03\/carnaval_6-380x285.jpg 380w, https:\/\/clunyportugal.com\/ppsjc\/wp-content\/uploads\/2020\/03\/carnaval_6-285x214.jpg 285w\" sizes=\"auto, (max-width: 600px) 100vw, 600px\" \/><\/figure><\/li><li class=\"blocks-gallery-item\"><figure><img loading=\"lazy\" decoding=\"async\" width=\"600\" height=\"338\" src=\"https:\/\/clunyportugal.com\/ppsjc\/wp-content\/uploads\/2020\/03\/carnaval_5.jpg\" alt=\"\" data-id=\"476\" data-full-url=\"https:\/\/clunyportugal.com\/ppsjc\/wp-content\/uploads\/2020\/03\/carnaval_5.jpg\" data-link=\"https:\/\/clunyportugal.com\/ppsjc\/carnaval_5\/\" class=\"wp-image-476\" srcset=\"https:\/\/clunyportugal.com\/ppsjc\/wp-content\/uploads\/2020\/03\/carnaval_5.jpg 600w, https:\/\/clunyportugal.com\/ppsjc\/wp-content\/uploads\/2020\/03\/carnaval_5-300x169.jpg 300w\" sizes=\"auto, (max-width: 600px) 100vw, 600px\" \/><\/figure><\/li><\/ul><\/figure>\n","protected":false},"excerpt":{"rendered":"<p>Centro de Bem Estar Infantil de Alcoba\u00e7a O Centro Infantil de Alcoba\u00e7a, pertence \u00e0 Congrega\u00e7\u00e3o de S. Jos\u00e9 de Cluny. A sua fundadora, Ana Maria Javouhey, de origem francesa, fundou a Congrega\u00e7\u00e3o no ano de 1807.&nbsp; Desde a sua origem, as Irm\u00e3s t\u00eam-se dedicado \u00e0 Educa\u00e7\u00e3o, Sa\u00fade, Envangeliza\u00e7\u00e3o, A\u00e7\u00e3o Social \u2026 \u201cEstar em toda a [&hellip;]<\/p>\n<p class=\"more-link\"><a href=\"https:\/\/clunyportugal.com\/ppsjc\/centro-de-bem-estar-infantil-de-alcobaca\/\"  class=\"themebutton\">Read More<\/a><\/p>\n","protected":false},"author":1,"featured_media":482,"parent":0,"menu_order":0,"comment_status":"closed","ping_status":"closed","template":"","meta":{"footnotes":""},"categories":[13],"tags":[],"class_list":["post-475","page","type-page","status-publish","has-post-thumbnail","hentry","category-ipss"],"_links":{"self":[{"href":"https:\/\/clunyportugal.com\/ppsjc\/wp-json\/wp\/v2\/pages\/475","targetHints":{"allow":["GET"]}}],"collection":[{"href":"https:\/\/clunyportugal.com\/ppsjc\/wp-json\/wp\/v2\/pages"}],"about":[{"href":"https:\/\/clunyportugal.com\/ppsjc\/wp-json\/wp\/v2\/types\/page"}],"author":[{"embeddable":true,"href":"https:\/\/clunyportugal.com\/ppsjc\/wp-json\/wp\/v2\/users\/1"}],"replies":[{"embeddable":true,"href":"https:\/\/clunyportugal.com\/ppsjc\/wp-json\/wp\/v2\/comments?post=475"}],"version-history":[{"count":2,"href":"https:\/\/clunyportugal.com\/ppsjc\/wp-json\/wp\/v2\/pages\/475\/revisions"}],"predecessor-version":[{"id":486,"href":"https:\/\/clunyportugal.com\/ppsjc\/wp-json\/wp\/v2\/pages\/475\/revisions\/486"}],"wp:featuredmedia":[{"embeddable":true,"href":"https:\/\/clunyportugal.com\/ppsjc\/wp-json\/wp\/v2\/media\/482"}],"wp:attachment":[{"href":"https:\/\/clunyportugal.com\/ppsjc\/wp-json\/wp\/v2\/media?parent=475"}],"wp:term":[{"taxonomy":"category","embeddable":true,"href":"https:\/\/clunyportugal.com\/ppsjc\/wp-json\/wp\/v2\/categories?post=475"},{"taxonomy":"post_tag","embeddable":true,"href":"https:\/\/clunyportugal.com\/ppsjc\/wp-json\/wp\/v2\/tags?post=475"}],"curies":[{"name":"wp","href":"https:\/\/api.w.org\/{rel}","templated":true}]}}

Centro de Bem Estar Infantil de Alcobaça

<figure class="wp-block-image size-large"><img loading="lazy" decoding="async" width="960" height="215" src="https://clunyportugal.com/ppsjc/wp-content/uploads/2020/03/banner1-3.png" alt="" class="wp-image-426" srcset="https://clunyportugal.com/ppsjc/wp-content/uploads/2020/03/banner1-3.png 960w, https://clunyportugal.com/ppsjc/wp-content/uploads/2020/03/banner1-3-300x67.png 300w, https://clunyportugal.com/ppsjc/wp-content/uploads/2020/03/banner1-3-768x172.png 768w" sizes="auto, (max-width: 960px) 100vw, 960px" /></figure>



<p class="has-medium-font-size">Centro de Bem Estar Infantil de Alcobaça</p>



<p>O Centro Infantil de Alcobaça, pertence à Congregação de S. José de Cluny. A sua fundadora, Ana Maria Javouhey, de origem francesa, fundou a Congregação no ano de 1807.&nbsp;</p>



<p>Desde a sua origem, as Irmãs têm-se dedicado à Educação, Saúde, Envangelização, Ação Social … “Estar em toda a parte onde houver bem a fazer e sofrimento a aliviar” (Ana Maria Javouhey).&nbsp;&nbsp;</p>



<p>Foi em Junho de 1973 que chegaram a Alcobaça três Irmãs da Congregação de S. José de Cluny, para ocuparem a então chamada &#8220;Casa de Retiro&#8221; que a viúva D. Cristina Rino legou à Congregação. Esta benemérita senhora, já em 1965 tinha manifestado o desejo de doar a sua residência, a uma Congregação de origem estrangeira. A Comunidade foi constituída canonicamente a 12 de Junho de 1975, com cinco Irmãs.&nbsp;&nbsp;</p>



<p>No seguimento de Ana Maria Javouhey, as Irmãs de S. José de Cluny, herdeiras de um património tão rico e extraordinário, alicerçam a sua ação educativa tendo como fontes de inspiração:&nbsp;</p>



<p>•	A Bíblia;<br>• Os Documentos da Igreja sobre a Educação e Acção Social;<br>• A dinâmica educativa, própria da Fundadora Ana Maria Javouhey;<br>• A tradição educativa da Congregação de S. José de Cluny;<br>• A Declaração Universal dos Direitos Humanos;<br>• Declaração Universal dos Direitos da criança;&nbsp;<br>• As Orientações Curriculares do Ministério da Educação;<br>• Orientações da Segurança Social – (legislação aplicável e modelo de qualidade Creche).&nbsp;</p>



<p>Depois de adaptações necessárias e de um estudo das necessidades da população local, viu-se que era urgente e possível acolher crianças cujas mães trabalhavam fora do lar.&nbsp;</p>



<p>O Centro de Bem Estar Infantil passou a ser uma Instituição Particular de Solidariedade Social desde Dezembro de 1975, (IPSS) sem fins lucrativos a cargo da Província Portuguesa da Congregação de S. José de Cluny. Tem a sua sede na Av. dos Combatentes nº 1 em Alcobaça, Concelho de Alcobaça, canonicamente ereta com personalidade jurídica no foro canónico e civil que pretende participar na Missão Educativa da Igreja, como escola aberta a todos, serviço à comunidade local e um lugar de encontro.&nbsp;</p>



<p>Funciona em regime de externato e tem por finalidades principais o apoio a crianças e jovens, à família, bem como à integração social e comunitária, contribuindo desta forma para a promoção integral de todos os que dela necessitam. Tem espaços belíssimos onde as crianças podem usufruir para brincar…</p>



<p>O Centro, além das irmãs, possui um bom grupo de colaboradoras, formado por uma equipa técnica docente e não docente, tendo em funcionamento duas valências: Creche e Educação Pré-Escolar. Trabalhando sempre tendo em conta a pedagogia educacional Cluny e as Orientações do Ministério da Educação para a valência de Educação Pré-escolar, e Orientações da Segurança Social – (legislação aplicável e modelo de qualidade Creche).&nbsp;</p>



<p><strong>Podem consultar facebook- Centro de Bem Estar Infantil &#8211; Alcobaça</strong></p>



<figure class="wp-block-gallery columns-2 is-cropped wp-block-gallery-1 is-layout-flex wp-block-gallery-is-layout-flex"><ul class="blocks-gallery-grid"><li class="blocks-gallery-item"><figure><img loading="lazy" decoding="async" width="600" height="450" src="https://clunyportugal.com/ppsjc/wp-content/uploads/2020/03/exterior.jpg" alt="" data-id="482" data-full-url="https://clunyportugal.com/ppsjc/wp-content/uploads/2020/03/exterior.jpg" data-link="https://clunyportugal.com/ppsjc/exterior/" class="wp-image-482" srcset="https://clunyportugal.com/ppsjc/wp-content/uploads/2020/03/exterior.jpg 600w, https://clunyportugal.com/ppsjc/wp-content/uploads/2020/03/exterior-300x225.jpg 300w, https://clunyportugal.com/ppsjc/wp-content/uploads/2020/03/exterior-380x285.jpg 380w, https://clunyportugal.com/ppsjc/wp-content/uploads/2020/03/exterior-285x214.jpg 285w" sizes="auto, (max-width: 600px) 100vw, 600px" /></figure></li><li class="blocks-gallery-item"><figure><img loading="lazy" decoding="async" width="600" height="450" src="https://clunyportugal.com/ppsjc/wp-content/uploads/2020/03/sala.jpg" alt="" data-id="481" data-full-url="https://clunyportugal.com/ppsjc/wp-content/uploads/2020/03/sala.jpg" data-link="https://clunyportugal.com/ppsjc/sala/" class="wp-image-481" srcset="https://clunyportugal.com/ppsjc/wp-content/uploads/2020/03/sala.jpg 600w, https://clunyportugal.com/ppsjc/wp-content/uploads/2020/03/sala-300x225.jpg 300w, https://clunyportugal.com/ppsjc/wp-content/uploads/2020/03/sala-380x285.jpg 380w, https://clunyportugal.com/ppsjc/wp-content/uploads/2020/03/sala-285x214.jpg 285w" sizes="auto, (max-width: 600px) 100vw, 600px" /></figure></li><li class="blocks-gallery-item"><figure><img loading="lazy" decoding="async" width="600" height="338" src="https://clunyportugal.com/ppsjc/wp-content/uploads/2020/03/sala_2.jpg" alt="" data-id="480" data-full-url="https://clunyportugal.com/ppsjc/wp-content/uploads/2020/03/sala_2.jpg" data-link="https://clunyportugal.com/ppsjc/sala_2/" class="wp-image-480" srcset="https://clunyportugal.com/ppsjc/wp-content/uploads/2020/03/sala_2.jpg 600w, https://clunyportugal.com/ppsjc/wp-content/uploads/2020/03/sala_2-300x169.jpg 300w" sizes="auto, (max-width: 600px) 100vw, 600px" /></figure></li><li class="blocks-gallery-item"><figure><img loading="lazy" decoding="async" width="600" height="338" src="https://clunyportugal.com/ppsjc/wp-content/uploads/2020/03/fonte.jpg" alt="" data-id="479" data-full-url="https://clunyportugal.com/ppsjc/wp-content/uploads/2020/03/fonte.jpg" data-link="https://clunyportugal.com/ppsjc/fonte/" class="wp-image-479" srcset="https://clunyportugal.com/ppsjc/wp-content/uploads/2020/03/fonte.jpg 600w, https://clunyportugal.com/ppsjc/wp-content/uploads/2020/03/fonte-300x169.jpg 300w" sizes="auto, (max-width: 600px) 100vw, 600px" /></figure></li><li class="blocks-gallery-item"><figure><img loading="lazy" decoding="async" width="600" height="338" src="https://clunyportugal.com/ppsjc/wp-content/uploads/2020/03/carnaval.jpg" alt="" data-id="478" data-full-url="https://clunyportugal.com/ppsjc/wp-content/uploads/2020/03/carnaval.jpg" data-link="https://clunyportugal.com/ppsjc/carnaval-2/" class="wp-image-478" srcset="https://clunyportugal.com/ppsjc/wp-content/uploads/2020/03/carnaval.jpg 600w, https://clunyportugal.com/ppsjc/wp-content/uploads/2020/03/carnaval-300x169.jpg 300w" sizes="auto, (max-width: 600px) 100vw, 600px" /></figure></li><li class="blocks-gallery-item"><figure><img loading="lazy" decoding="async" width="600" height="450" src="https://clunyportugal.com/ppsjc/wp-content/uploads/2020/03/carnaval_6.jpg" alt="" data-id="477" data-full-url="https://clunyportugal.com/ppsjc/wp-content/uploads/2020/03/carnaval_6.jpg" data-link="https://clunyportugal.com/ppsjc/carnaval_6/" class="wp-image-477" srcset="https://clunyportugal.com/ppsjc/wp-content/uploads/2020/03/carnaval_6.jpg 600w, https://clunyportugal.com/ppsjc/wp-content/uploads/2020/03/carnaval_6-300x225.jpg 300w, https://clunyportugal.com/ppsjc/wp-content/uploads/2020/03/carnaval_6-380x285.jpg 380w, https://clunyportugal.com/ppsjc/wp-content/uploads/2020/03/carnaval_6-285x214.jpg 285w" sizes="auto, (max-width: 600px) 100vw, 600px" /></figure></li><li class="blocks-gallery-item"><figure><img loading="lazy" decoding="async" width="600" height="338" src="https://clunyportugal.com/ppsjc/wp-content/uploads/2020/03/carnaval_5.jpg" alt="" data-id="476" data-full-url="https://clunyportugal.com/ppsjc/wp-content/uploads/2020/03/carnaval_5.jpg" data-link="https://clunyportugal.com/ppsjc/carnaval_5/" class="wp-image-476" srcset="https://clunyportugal.com/ppsjc/wp-content/uploads/2020/03/carnaval_5.jpg 600w, https://clunyportugal.com/ppsjc/wp-content/uploads/2020/03/carnaval_5-300x169.jpg 300w" sizes="auto, (max-width: 600px) 100vw, 600px" /></figure></li></ul></figure>

<p>Centro de Bem Estar Infantil de Alcobaça O Centro Infantil de Alcobaça, pertence à Congregação de S. José de Cluny. A sua fundadora, Ana Maria Javouhey, de origem francesa, fundou a Congregação no ano de 1807.&nbsp; Desde a sua origem, as Irmãs têm-se dedicado à Educação, Saúde, Envangelização, Ação Social … “Estar em toda a [&hellip;]</p>
<p class="more-link"><a href="https://clunyportugal.com/ppsjc/centro-de-bem-estar-infantil-de-alcobaca/"  class="themebutton">Read More</a></p>
