{"id":442,"date":"2020-03-02T19:17:21","date_gmt":"2020-03-02T19:17:21","guid":{"rendered":"https:\/\/clunyportugal.com\/ppsjc\/?page_id=442"},"modified":"2025-05-27T09:04:28","modified_gmt":"2025-05-27T09:04:28","slug":"centro-social-do-menino-de-deus","status":"publish","type":"page","link":"https:\/\/clunyportugal.com\/ppsjc\/centro-social-do-menino-de-deus\/","title":{"rendered":"CSMD &#8211; Centro Social do Menino de Deus"},"content":{"rendered":"\n<p class=\"has-black-color has-text-color has-medium-font-size\"><strong>Relat\u00f3rio e Contas 2024<\/strong><\/p>\n\n\n\n<p><a href=\"https:\/\/clunyportugal.com\/ppsjc\/wp-content\/uploads\/2025\/05\/CSMD_demonstracoes_finaceiras.pdf\" target=\"_blank\" rel=\"noreferrer noopener\">Demonstra\u00e7\u00f5es Financeiras<\/a><\/p>\n\n\n\n<p class=\"has-black-color has-text-color has-medium-font-size\"><strong>Relat\u00f3rio e Contas 2023<\/strong><\/p>\n\n\n\n<p><a href=\"http:\/\/www.crsi.pt\/wp-content\/uploads\/2024\/05\/CSMD_contas_ASSINADAS_2023.pdf\" target=\"_blank\" rel=\"noreferrer noopener\">Demonstra\u00e7\u00f5es Financeiras<\/a><\/p>\n\n\n\n<p class=\"has-black-color has-text-color has-medium-font-size\"><strong>Relat\u00f3rio e Contas 2022<\/strong><\/p>\n\n\n\n<p><a href=\"https:\/\/clunyportugal.com\/ppsjc\/wp-content\/uploads\/2023\/05\/CSMDEUS_lisboa_2022.pdf\" target=\"_blank\" rel=\"noreferrer noopener\">Demonstra\u00e7\u00f5es Financeiras<\/a><\/p>\n\n\n\n<p class=\"has-black-color has-text-color has-medium-font-size\"><strong>Relat\u00f3rio e Contas 2021<\/strong><\/p>\n\n\n\n<p><a href=\"https:\/\/clunyportugal.com\/ppsjc\/wp-content\/uploads\/2022\/05\/Contas_CSMD_21.pdf\">Demonstra\u00e7\u00f5es Financeiras<\/a><\/p>\n\n\n\n<p class=\"has-black-color has-text-color has-medium-font-size\"><strong>Relat\u00f3rio e Contas 2020<\/strong><\/p>\n\n\n\n<p><a href=\"https:\/\/clunyportugal.com\/ppsjc\/wp-content\/uploads\/2021\/07\/balanco_CSMD_2020.pdf\" target=\"_blank\" rel=\"noreferrer noopener\">Balan\u00e7o Individual<\/a><br><a href=\"https:\/\/clunyportugal.com\/ppsjc\/wp-content\/uploads\/2021\/07\/DR_CSMD_2020.pdf\" target=\"_blank\" rel=\"noreferrer noopener\">Demonstra\u00e7\u00f5es dos resultados<\/a><br><a href=\"https:\/\/clunyportugal.com\/ppsjc\/wp-content\/uploads\/2021\/07\/anexo_contas_CSMD_2020.pdf\" target=\"_blank\" rel=\"noreferrer noopener\">Anexo Demonstra\u00e7\u00f5es Financeiras<\/a><\/p>\n\n\n\n<p class=\"has-black-color has-text-color has-medium-font-size\"><strong>Relat\u00f3rio e Contas 2019<\/strong><\/p>\n\n\n\n<p><a href=\"https:\/\/clunyportugal.com\/ppsjc\/wp-content\/uploads\/2020\/09\/CS_menino_Deus_19.pdf\" target=\"_blank\" rel=\"noreferrer noopener\">Demonstra\u00e7\u00f5es Financeiras<\/a><\/p>\n\n\n\n<p class=\"has-medium-font-size\"><strong>Relat\u00f3rio e Contas 2018<\/strong><\/p>\n\n\n\n<p><a rel=\"noreferrer noopener\" aria-label=\"Demonstra\u00e7\u00f5es Financeiras (abre num novo separador)\" href=\"https:\/\/clunyportugal.com\/ppsjc\/wp-content\/uploads\/2020\/03\/Csmd_2018.pdf\" target=\"_blank\">Demonstra\u00e7\u00f5es Financeiras<\/a><br><a rel=\"noreferrer noopener\" aria-label=\"Situa\u00e7\u00e3o Contributiva (abre num novo separador)\" href=\"https:\/\/clunyportugal.com\/ppsjc\/wp-content\/uploads\/2020\/03\/Csmd_2018.pdf\" target=\"_blank\">Situa\u00e7\u00e3o Contributiva<\/a><\/p>\n\n\n\n<p class=\"has-black-color has-text-color has-medium-font-size\"><strong>Relat\u00f3rio e Contas 2017<\/strong><\/p>\n\n\n\n<p><a href=\"https:\/\/clunyportugal.com\/ppsjc\/wp-content\/uploads\/2020\/03\/contas_CSMD_2017.pdf\" target=\"_blank\" rel=\"noreferrer noopener\" aria-label=\"Demonstra\u00e7\u00f5es Financeiras (abre num novo separador)\">Demonstra\u00e7\u00f5es Financeiras<\/a><\/p>\n\n\n\n<p class=\"has-black-color has-text-color has-medium-font-size\"><strong>Relat\u00f3rio e Contas 2016<\/strong><\/p>\n\n\n\n<p><a href=\"https:\/\/clunyportugal.com\/ppsjc\/wp-content\/uploads\/2020\/03\/CDMD_anexo_2016.pdf\" target=\"_blank\" rel=\"noreferrer noopener\" aria-label=\"Relat\u00f3rio e Parecer (abre num novo separador)\">Relat\u00f3rio e Parecer<\/a><br><a href=\"https:\/\/clunyportugal.com\/ppsjc\/wp-content\/uploads\/2020\/03\/CDMD_balanco_2016.pdf\" target=\"_blank\" rel=\"noreferrer noopener\" aria-label=\"Balan\u00e7o do Exerc\u00edcio (abre num novo separador)\">Balan\u00e7o do Exerc\u00edcio<\/a><\/p>\n\n\n\n<p class=\"has-black-color has-text-color has-medium-font-size\"><strong>Relat\u00f3rio e Contas 2015<\/strong><\/p>\n\n\n\n<p><a href=\"https:\/\/clunyportugal.com\/ppsjc\/wp-content\/uploads\/2020\/03\/relatorio_contas_csmd_2015.pdf\" target=\"_blank\" rel=\"noreferrer noopener\" aria-label=\"Relat\u00f3rio e Parecer (abre num novo separador)\">Relat\u00f3rio e Parecer<\/a><br><a href=\"https:\/\/clunyportugal.com\/ppsjc\/wp-content\/uploads\/2020\/03\/balanco_csmd_2015.pdf\" target=\"_blank\" rel=\"noreferrer noopener\" aria-label=\"Balan\u00e7o do Exerc\u00edcio (abre num novo separador)\">Balan\u00e7o do Exerc\u00edcio<\/a><\/p>\n","protected":false},"excerpt":{"rendered":"<p>Relat\u00f3rio e Contas 2024 Demonstra\u00e7\u00f5es Financeiras Relat\u00f3rio e Contas 2023 Demonstra\u00e7\u00f5es Financeiras Relat\u00f3rio e Contas 2022 Demonstra\u00e7\u00f5es Financeiras Relat\u00f3rio e Contas 2021 Demonstra\u00e7\u00f5es Financeiras Relat\u00f3rio e Contas 2020 Balan\u00e7o IndividualDemonstra\u00e7\u00f5es dos resultadosAnexo Demonstra\u00e7\u00f5es Financeiras Relat\u00f3rio e Contas 2019 Demonstra\u00e7\u00f5es Financeiras Relat\u00f3rio e Contas 2018 Demonstra\u00e7\u00f5es FinanceirasSitua\u00e7\u00e3o Contributiva Relat\u00f3rio e Contas 2017 Demonstra\u00e7\u00f5es Financeiras Relat\u00f3rio e [&hellip;]<\/p>\n<p class=\"more-link\"><a href=\"https:\/\/clunyportugal.com\/ppsjc\/centro-social-do-menino-de-deus\/\"  class=\"themebutton\">Read More<\/a><\/p>\n","protected":false},"author":1,"featured_media":444,"parent":0,"menu_order":0,"comment_status":"closed","ping_status":"closed","template":"","meta":{"footnotes":""},"categories":[13],"tags":[],"class_list":["post-442","page","type-page","status-publish","has-post-thumbnail","hentry","category-ipss"],"_links":{"self":[{"href":"https:\/\/clunyportugal.com\/ppsjc\/wp-json\/wp\/v2\/pages\/442","targetHints":{"allow":["GET"]}}],"collection":[{"href":"https:\/\/clunyportugal.com\/ppsjc\/wp-json\/wp\/v2\/pages"}],"about":[{"href":"https:\/\/clunyportugal.com\/ppsjc\/wp-json\/wp\/v2\/types\/page"}],"author":[{"embeddable":true,"href":"https:\/\/clunyportugal.com\/ppsjc\/wp-json\/wp\/v2\/users\/1"}],"replies":[{"embeddable":true,"href":"https:\/\/clunyportugal.com\/ppsjc\/wp-json\/wp\/v2\/comments?post=442"}],"version-history":[{"count":12,"href":"https:\/\/clunyportugal.com\/ppsjc\/wp-json\/wp\/v2\/pages\/442\/revisions"}],"predecessor-version":[{"id":2227,"href":"https:\/\/clunyportugal.com\/ppsjc\/wp-json\/wp\/v2\/pages\/442\/revisions\/2227"}],"wp:featuredmedia":[{"embeddable":true,"href":"https:\/\/clunyportugal.com\/ppsjc\/wp-json\/wp\/v2\/media\/444"}],"wp:attachment":[{"href":"https:\/\/clunyportugal.com\/ppsjc\/wp-json\/wp\/v2\/media?parent=442"}],"wp:term":[{"taxonomy":"category","embeddable":true,"href":"https:\/\/clunyportugal.com\/ppsjc\/wp-json\/wp\/v2\/categories?post=442"},{"taxonomy":"post_tag","embeddable":true,"href":"https:\/\/clunyportugal.com\/ppsjc\/wp-json\/wp\/v2\/tags?post=442"}],"curies":[{"name":"wp","href":"https:\/\/api.w.org\/{rel}","templated":true}]}}