{"id":323,"date":"2020-03-02T00:17:49","date_gmt":"2020-03-02T00:17:49","guid":{"rendered":"https:\/\/clunyportugal.com\/ppsjc\/?page_id=323"},"modified":"2020-03-02T00:17:50","modified_gmt":"2020-03-02T00:17:50","slug":"regras-de-protecao-de-dados","status":"publish","type":"page","link":"https:\/\/clunyportugal.com\/ppsjc\/regras-de-protecao-de-dados\/","title":{"rendered":"Regras de Prote\u00e7\u00e3o de Dados"},"content":{"rendered":"\n<figure class=\"wp-block-image size-large\"><img loading=\"lazy\" decoding=\"async\" width=\"770\" height=\"400\" src=\"https:\/\/clunyportugal.com\/ppsjc\/wp-content\/uploads\/2020\/03\/RGPD-3.jpg\" alt=\"\" class=\"wp-image-324\" srcset=\"https:\/\/clunyportugal.com\/ppsjc\/wp-content\/uploads\/2020\/03\/RGPD-3.jpg 770w, https:\/\/clunyportugal.com\/ppsjc\/wp-content\/uploads\/2020\/03\/RGPD-3-300x156.jpg 300w, https:\/\/clunyportugal.com\/ppsjc\/wp-content\/uploads\/2020\/03\/RGPD-3-768x399.jpg 768w\" sizes=\"auto, (max-width: 770px) 100vw, 770px\" \/><\/figure>\n\n\n\n<h3 class=\"wp-block-heading\">Enquadramento legal<\/h3>\n\n\n\n<p>Lei de Prote\u00e7\u00e3o de Dados Pessoais \u2013 Lei 67\/98, de 26 de outubro, e legisla\u00e7\u00e3o vigente nesta mat\u00e9ria, nomeadamente a Lei 41\/2004, de 18 de agosto, com a reda\u00e7\u00e3o que lhe foi dada pela Lei 46\/2012, de 29 de agosto. Regulamento (EU) 2016\/679.<\/p>\n\n\n\n<h3 class=\"wp-block-heading\">Respons\u00e1vel pelo tratamento de dados<\/h3>\n\n\n\n<p>A entidade respons\u00e1vel pela recolha e tratamento dos dados pessoais solicitados no contacto \u00e9 a PPSJC.<\/p>\n\n\n\n<h3 class=\"wp-block-heading\">Recolha de dados<\/h3>\n\n\n\n<p>A Prov\u00edncia Portuguesa de S\u00e3o Jos\u00e9 de Cluny apenas poder\u00e1 tratar os dados pessoais recolhidos com base no consentimento. Este consentimento constitui o fundamento jur\u00eddico do tratamento realizado.<\/p>\n\n\n\n<h3 class=\"wp-block-heading\">Finalidade<\/h3>\n\n\n\n<p>Os dados pessoais recolhidos ser\u00e3o tratados para posterior envio de comunica\u00e7\u00f5es informativas ou outras., ao aceitar a presente Pol\u00edtica de Privacidade presta o seu consentimento pr\u00e9vio e expresso para a utiliza\u00e7\u00e3o dos dados pessoais recolhidos para as finalidades supra indicadas.<\/p>\n\n\n\n<h3 class=\"wp-block-heading\">Acesso aos dados pessoais<\/h3>\n\n\n\n<p>Nos termos da legisla\u00e7\u00e3o aplic\u00e1vel, \u00e9 garantido ao titular dos dados o direito de acesso, atualiza\u00e7\u00e3o, retifica\u00e7\u00e3o ou elimina\u00e7\u00e3o dos seus dados pessoais, a todo o tempo, bem como o direito de oposi\u00e7\u00e3o \u00e0 utiliza\u00e7\u00e3o dos dados facultados para fins de marketing, para o envio de comunica\u00e7\u00f5es informativas ou outras.<\/p>\n\n\n\n<p>O acesso aos dados pode ser solicitado por escrito para:\u00a0<a rel=\"noreferrer noopener\" href=\"mailto:secretaria@crsi.pt\" target=\"_blank\">geral@clunyportugal.com<\/a><br>ou para a morada da Casa Provincial<\/p>\n\n\n\n<h3 class=\"wp-block-heading\">Reclama\u00e7\u00e3o<\/h3>\n\n\n\n<p>O titular dos dados tem o direito de apresentar reclama\u00e7\u00e3o quanto a qualquer tratamento dos seus dados pessoais que entenda n\u00e3o estar conforme a legisla\u00e7\u00e3o aplic\u00e1vel.<br>Pode faz\u00ea-lo diretamente junto da PPSJC e perante a Comiss\u00e3o Nacional de Prote\u00e7\u00e3o de Dados.<\/p>\n","protected":false},"excerpt":{"rendered":"<p>Enquadramento legal Lei de Prote\u00e7\u00e3o de Dados Pessoais \u2013 Lei 67\/98, de 26 de outubro, e legisla\u00e7\u00e3o vigente nesta mat\u00e9ria, nomeadamente a Lei 41\/2004, de 18 de agosto, com a reda\u00e7\u00e3o que lhe foi dada pela Lei 46\/2012, de 29 de agosto. Regulamento (EU) 2016\/679. Respons\u00e1vel pelo tratamento de dados A entidade respons\u00e1vel pela recolha [&hellip;]<\/p>\n<p class=\"more-link\"><a href=\"https:\/\/clunyportugal.com\/ppsjc\/regras-de-protecao-de-dados\/\"  class=\"themebutton\">Read More<\/a><\/p>\n","protected":false},"author":1,"featured_media":324,"parent":0,"menu_order":0,"comment_status":"closed","ping_status":"closed","template":"","meta":{"footnotes":""},"categories":[],"tags":[],"class_list":["post-323","page","type-page","status-publish","has-post-thumbnail","hentry"],"_links":{"self":[{"href":"https:\/\/clunyportugal.com\/ppsjc\/wp-json\/wp\/v2\/pages\/323","targetHints":{"allow":["GET"]}}],"collection":[{"href":"https:\/\/clunyportugal.com\/ppsjc\/wp-json\/wp\/v2\/pages"}],"about":[{"href":"https:\/\/clunyportugal.com\/ppsjc\/wp-json\/wp\/v2\/types\/page"}],"author":[{"embeddable":true,"href":"https:\/\/clunyportugal.com\/ppsjc\/wp-json\/wp\/v2\/users\/1"}],"replies":[{"embeddable":true,"href":"https:\/\/clunyportugal.com\/ppsjc\/wp-json\/wp\/v2\/comments?post=323"}],"version-history":[{"count":1,"href":"https:\/\/clunyportugal.com\/ppsjc\/wp-json\/wp\/v2\/pages\/323\/revisions"}],"predecessor-version":[{"id":326,"href":"https:\/\/clunyportugal.com\/ppsjc\/wp-json\/wp\/v2\/pages\/323\/revisions\/326"}],"wp:featuredmedia":[{"embeddable":true,"href":"https:\/\/clunyportugal.com\/ppsjc\/wp-json\/wp\/v2\/media\/324"}],"wp:attachment":[{"href":"https:\/\/clunyportugal.com\/ppsjc\/wp-json\/wp\/v2\/media?parent=323"}],"wp:term":[{"taxonomy":"category","embeddable":true,"href":"https:\/\/clunyportugal.com\/ppsjc\/wp-json\/wp\/v2\/categories?post=323"},{"taxonomy":"post_tag","embeddable":true,"href":"https:\/\/clunyportugal.com\/ppsjc\/wp-json\/wp\/v2\/tags?post=323"}],"curies":[{"name":"wp","href":"https:\/\/api.w.org\/{rel}","templated":true}]}}

Regras de Proteção de Dados

<figure class="wp-block-image size-large"><img loading="lazy" decoding="async" width="770" height="400" src="https://clunyportugal.com/ppsjc/wp-content/uploads/2020/03/RGPD-3.jpg" alt="" class="wp-image-324" srcset="https://clunyportugal.com/ppsjc/wp-content/uploads/2020/03/RGPD-3.jpg 770w, https://clunyportugal.com/ppsjc/wp-content/uploads/2020/03/RGPD-3-300x156.jpg 300w, https://clunyportugal.com/ppsjc/wp-content/uploads/2020/03/RGPD-3-768x399.jpg 768w" sizes="auto, (max-width: 770px) 100vw, 770px" /></figure>



<h3 class="wp-block-heading">Enquadramento legal</h3>



<p>Lei de Proteção de Dados Pessoais – Lei 67/98, de 26 de outubro, e legislação vigente nesta matéria, nomeadamente a Lei 41/2004, de 18 de agosto, com a redação que lhe foi dada pela Lei 46/2012, de 29 de agosto. Regulamento (EU) 2016/679.</p>



<h3 class="wp-block-heading">Responsável pelo tratamento de dados</h3>



<p>A entidade responsável pela recolha e tratamento dos dados pessoais solicitados no contacto é a PPSJC.</p>



<h3 class="wp-block-heading">Recolha de dados</h3>



<p>A Província Portuguesa de São José de Cluny apenas poderá tratar os dados pessoais recolhidos com base no consentimento. Este consentimento constitui o fundamento jurídico do tratamento realizado.</p>



<h3 class="wp-block-heading">Finalidade</h3>



<p>Os dados pessoais recolhidos serão tratados para posterior envio de comunicações informativas ou outras., ao aceitar a presente Política de Privacidade presta o seu consentimento prévio e expresso para a utilização dos dados pessoais recolhidos para as finalidades supra indicadas.</p>



<h3 class="wp-block-heading">Acesso aos dados pessoais</h3>



<p>Nos termos da legislação aplicável, é garantido ao titular dos dados o direito de acesso, atualização, retificação ou eliminação dos seus dados pessoais, a todo o tempo, bem como o direito de oposição à utilização dos dados facultados para fins de marketing, para o envio de comunicações informativas ou outras.</p>



<p>O acesso aos dados pode ser solicitado por escrito para: <a rel="noreferrer noopener" href="mailto:secretaria@crsi.pt" target="_blank">geral@clunyportugal.com</a><br>ou para a morada da Casa Provincial</p>



<h3 class="wp-block-heading">Reclamação</h3>



<p>O titular dos dados tem o direito de apresentar reclamação quanto a qualquer tratamento dos seus dados pessoais que entenda não estar conforme a legislação aplicável.<br>Pode fazê-lo diretamente junto da PPSJC e perante a Comissão Nacional de Proteção de Dados.</p>

<p>Enquadramento legal Lei de Proteção de Dados Pessoais – Lei 67/98, de 26 de outubro, e legislação vigente nesta matéria, nomeadamente a Lei 41/2004, de 18 de agosto, com a redação que lhe foi dada pela Lei 46/2012, de 29 de agosto. Regulamento (EU) 2016/679. Responsável pelo tratamento de dados A entidade responsável pela recolha [&hellip;]</p>
<p class="more-link"><a href="https://clunyportugal.com/ppsjc/regras-de-protecao-de-dados/"  class="themebutton">Read More</a></p>
