{"id":225,"date":"2020-03-01T21:44:41","date_gmt":"2020-03-01T21:44:41","guid":{"rendered":"https:\/\/clunyportugal.com\/ppsjc\/?page_id=225"},"modified":"2024-03-02T18:33:31","modified_gmt":"2024-03-02T18:33:31","slug":"comunidades-2","status":"publish","type":"page","link":"https:\/\/clunyportugal.com\/ppsjc\/comunidades-2\/","title":{"rendered":"OBRAS DAS IRM\u00c3S DE SJC"},"content":{"rendered":"\n<figure class=\"wp-block-image size-full\"><img loading=\"lazy\" decoding=\"async\" width=\"960\" height=\"215\" src=\"https:\/\/clunyportugal.com\/ppsjc\/wp-content\/uploads\/2024\/03\/image.png\" alt=\"\" class=\"wp-image-1996\" srcset=\"https:\/\/clunyportugal.com\/ppsjc\/wp-content\/uploads\/2024\/03\/image.png 960w, https:\/\/clunyportugal.com\/ppsjc\/wp-content\/uploads\/2024\/03\/image-300x67.png 300w, https:\/\/clunyportugal.com\/ppsjc\/wp-content\/uploads\/2024\/03\/image-768x172.png 768w\" sizes=\"auto, (max-width: 960px) 100vw, 960px\" \/><\/figure>\n\n\n\n<hr class=\"wp-block-separator has-alpha-channel-opacity\"\/>\n\n\n\n<h2 class=\"wp-block-heading has-vivid-cyan-blue-color has-text-color has-link-color wp-elements-000db1256b17fd79e90d9f6836fa1131\"><strong>&#8230; em Portugal<\/strong><\/h2>\n\n\n\n<p class=\"has-black-color has-text-color has-link-color wp-elements-7aefdaf06b5e4b396df0b84f50f2901b\"><a href=\"https:\/\/clunyportugal.com\/ppsjc\/escola-superior-de-enfermagem-s-jose-de-cluny\/\" target=\"_blank\" rel=\"noreferrer noopener\">Escola Superior de Enfermagem S. Jos\u00e9 de Cluny<\/a><br><a href=\"https:\/\/clunyportugal.com\/ppsjc\/colegio-da-rainha-santa-isabel\/\" target=\"_blank\" rel=\"noreferrer noopener\">Col\u00e9gio da Rainha Santa Isabel<\/a><br><a href=\"https:\/\/clunyportugal.com\/ppsjc\/comunidade-nossa-senhora-da-paz-colegio-nossa-senhora-da-assuncao\/\" target=\"_blank\" rel=\"noreferrer noopener\">Col\u00e9gio Nossa Senhora da Assun\u00e7\u00e3o<\/a><br><a href=\"https:\/\/clunyportugal.com\/ppsjc\/colegio-de-s-francisco-xavier\/\" target=\"_blank\" rel=\"noreferrer noopener\">Col\u00e9gio de S\u00e3o Francisco Xavier<\/a><br><a href=\"https:\/\/clunyportugal.com\/ppsjc\/lar-universitario-de-sjc\/\" target=\"_blank\" rel=\"noreferrer noopener\">Lar Universit\u00e1rio SJC<\/a><br><a href=\"https:\/\/clunyportugal.com\/ppsjc\/abrigo-do-menino-jesus-2\/\" target=\"_blank\" rel=\"noreferrer noopener\">Centro de Espiritualidade e Cultura<\/a><br><a href=\"https:\/\/clunyportugal.com\/ppsjc\/centro-de-solidariedade-da-imaculada-conceicao\/\" target=\"_blank\" rel=\"noreferrer noopener\">Centro de Solidariedade da Imaculada Concei\u00e7\u00e3o<\/a><br><a href=\"https:\/\/clunyportugal.com\/ppsjc\/centro-social-do-menino-deus\/\" target=\"_blank\" rel=\"noreferrer noopener\">Centro Social do Menino Deus<\/a><br><a href=\"https:\/\/clunyportugal.com\/ppsjc\/centro-social-da-paroquia-de-s-sebastiao-da-pedreira\/\" target=\"_blank\" rel=\"noreferrer noopener\">C. S. da Par\u00f3quia de S. Sebasti\u00e3o da Pedreira<\/a><br><a href=\"https:\/\/clunyportugal.com\/ppsjc\/abrigo-do-menino-jesus\/\" target=\"_blank\" rel=\"noreferrer noopener\">Abrigo do Menino Jesus<\/a><br><a href=\"https:\/\/clunyportugal.com\/ppsjc\/fundacao-d-jacinta-ornelas-pereira\/\" target=\"_blank\" rel=\"noreferrer noopener\">Funda\u00e7\u00e3o D. Jacinta Ornelas Pereira<\/a><br><a href=\"https:\/\/clunyportugal.com\/ppsjc\/centro-de-bem-estar-infantil\/\" target=\"_blank\" rel=\"noreferrer noopener\">Centro de Bem Estar Infantil<\/a><br><a href=\"https:\/\/clunyportugal.com\/ppsjc\/centro-social-de-s-jose-de-cluny\/\" target=\"_blank\" rel=\"noreferrer noopener\">Centro Social de S. Jos\u00e9 de Cluny<\/a><\/p>\n\n\n\n<p class=\"has-vivid-red-color has-text-color has-link-color wp-elements-3df69bdf04b46337c5d7846398b631cf\">Consulte tamb\u00e9m no submenu<\/p>\n","protected":false},"excerpt":{"rendered":"<p>&#8230; em Portugal Escola Superior de Enfermagem S. Jos\u00e9 de ClunyCol\u00e9gio da Rainha Santa IsabelCol\u00e9gio Nossa Senhora da Assun\u00e7\u00e3oCol\u00e9gio de S\u00e3o Francisco XavierLar Universit\u00e1rio SJCCentro de Espiritualidade e CulturaCentro de Solidariedade da Imaculada Concei\u00e7\u00e3oCentro Social do Menino DeusC. S. da Par\u00f3quia de S. Sebasti\u00e3o da PedreiraAbrigo do Menino JesusFunda\u00e7\u00e3o D. Jacinta Ornelas PereiraCentro de Bem [&hellip;]<\/p>\n<p class=\"more-link\"><a href=\"https:\/\/clunyportugal.com\/ppsjc\/comunidades-2\/\"  class=\"themebutton\">Read More<\/a><\/p>\n","protected":false},"author":1,"featured_media":0,"parent":0,"menu_order":0,"comment_status":"closed","ping_status":"closed","template":"","meta":{"footnotes":""},"categories":[],"tags":[],"class_list":["post-225","page","type-page","status-publish","hentry"],"_links":{"self":[{"href":"https:\/\/clunyportugal.com\/ppsjc\/wp-json\/wp\/v2\/pages\/225","targetHints":{"allow":["GET"]}}],"collection":[{"href":"https:\/\/clunyportugal.com\/ppsjc\/wp-json\/wp\/v2\/pages"}],"about":[{"href":"https:\/\/clunyportugal.com\/ppsjc\/wp-json\/wp\/v2\/types\/page"}],"author":[{"embeddable":true,"href":"https:\/\/clunyportugal.com\/ppsjc\/wp-json\/wp\/v2\/users\/1"}],"replies":[{"embeddable":true,"href":"https:\/\/clunyportugal.com\/ppsjc\/wp-json\/wp\/v2\/comments?post=225"}],"version-history":[{"count":3,"href":"https:\/\/clunyportugal.com\/ppsjc\/wp-json\/wp\/v2\/pages\/225\/revisions"}],"predecessor-version":[{"id":1997,"href":"https:\/\/clunyportugal.com\/ppsjc\/wp-json\/wp\/v2\/pages\/225\/revisions\/1997"}],"wp:attachment":[{"href":"https:\/\/clunyportugal.com\/ppsjc\/wp-json\/wp\/v2\/media?parent=225"}],"wp:term":[{"taxonomy":"category","embeddable":true,"href":"https:\/\/clunyportugal.com\/ppsjc\/wp-json\/wp\/v2\/categories?post=225"},{"taxonomy":"post_tag","embeddable":true,"href":"https:\/\/clunyportugal.com\/ppsjc\/wp-json\/wp\/v2\/tags?post=225"}],"curies":[{"name":"wp","href":"https:\/\/api.w.org\/{rel}","templated":true}]}}

OBRAS DAS IRMÃS DE SJC

<figure class="wp-block-image size-full"><img loading="lazy" decoding="async" width="960" height="215" src="https://clunyportugal.com/ppsjc/wp-content/uploads/2024/03/image.png" alt="" class="wp-image-1996" srcset="https://clunyportugal.com/ppsjc/wp-content/uploads/2024/03/image.png 960w, https://clunyportugal.com/ppsjc/wp-content/uploads/2024/03/image-300x67.png 300w, https://clunyportugal.com/ppsjc/wp-content/uploads/2024/03/image-768x172.png 768w" sizes="auto, (max-width: 960px) 100vw, 960px" /></figure>



<hr class="wp-block-separator has-alpha-channel-opacity"/>



<h2 class="wp-block-heading has-vivid-cyan-blue-color has-text-color has-link-color wp-elements-000db1256b17fd79e90d9f6836fa1131"><strong>&#8230; em Portugal</strong></h2>



<p class="has-black-color has-text-color has-link-color wp-elements-7aefdaf06b5e4b396df0b84f50f2901b"><a href="https://clunyportugal.com/ppsjc/escola-superior-de-enfermagem-s-jose-de-cluny/" target="_blank" rel="noreferrer noopener">Escola Superior de Enfermagem S. José de Cluny</a><br><a href="https://clunyportugal.com/ppsjc/colegio-da-rainha-santa-isabel/" target="_blank" rel="noreferrer noopener">Colégio da Rainha Santa Isabel</a><br><a href="https://clunyportugal.com/ppsjc/comunidade-nossa-senhora-da-paz-colegio-nossa-senhora-da-assuncao/" target="_blank" rel="noreferrer noopener">Colégio Nossa Senhora da Assunção</a><br><a href="https://clunyportugal.com/ppsjc/colegio-de-s-francisco-xavier/" target="_blank" rel="noreferrer noopener">Colégio de São Francisco Xavier</a><br><a href="https://clunyportugal.com/ppsjc/lar-universitario-de-sjc/" target="_blank" rel="noreferrer noopener">Lar Universitário SJC</a><br><a href="https://clunyportugal.com/ppsjc/abrigo-do-menino-jesus-2/" target="_blank" rel="noreferrer noopener">Centro de Espiritualidade e Cultura</a><br><a href="https://clunyportugal.com/ppsjc/centro-de-solidariedade-da-imaculada-conceicao/" target="_blank" rel="noreferrer noopener">Centro de Solidariedade da Imaculada Conceição</a><br><a href="https://clunyportugal.com/ppsjc/centro-social-do-menino-deus/" target="_blank" rel="noreferrer noopener">Centro Social do Menino Deus</a><br><a href="https://clunyportugal.com/ppsjc/centro-social-da-paroquia-de-s-sebastiao-da-pedreira/" target="_blank" rel="noreferrer noopener">C. S. da Paróquia de S. Sebastião da Pedreira</a><br><a href="https://clunyportugal.com/ppsjc/abrigo-do-menino-jesus/" target="_blank" rel="noreferrer noopener">Abrigo do Menino Jesus</a><br><a href="https://clunyportugal.com/ppsjc/fundacao-d-jacinta-ornelas-pereira/" target="_blank" rel="noreferrer noopener">Fundação D. Jacinta Ornelas Pereira</a><br><a href="https://clunyportugal.com/ppsjc/centro-de-bem-estar-infantil/" target="_blank" rel="noreferrer noopener">Centro de Bem Estar Infantil</a><br><a href="https://clunyportugal.com/ppsjc/centro-social-de-s-jose-de-cluny/" target="_blank" rel="noreferrer noopener">Centro Social de S. José de Cluny</a></p>



<p class="has-vivid-red-color has-text-color has-link-color wp-elements-3df69bdf04b46337c5d7846398b631cf">Consulte também no submenu</p>

<p>&#8230; em Portugal Escola Superior de Enfermagem S. José de ClunyColégio da Rainha Santa IsabelColégio Nossa Senhora da AssunçãoColégio de São Francisco XavierLar Universitário SJCCentro de Espiritualidade e CulturaCentro de Solidariedade da Imaculada ConceiçãoCentro Social do Menino DeusC. S. da Paróquia de S. Sebastião da PedreiraAbrigo do Menino JesusFundação D. Jacinta Ornelas PereiraCentro de Bem [&hellip;]</p>
<p class="more-link"><a href="https://clunyportugal.com/ppsjc/comunidades-2/"  class="themebutton">Read More</a></p>
