{"id":2190,"date":"2025-05-01T10:32:25","date_gmt":"2025-05-01T10:32:25","guid":{"rendered":"https:\/\/clunyportugal.com\/ppsjc\/?page_id=2190"},"modified":"2025-05-01T16:21:45","modified_gmt":"2025-05-01T16:21:45","slug":"etica-e-compliance","status":"publish","type":"page","link":"https:\/\/clunyportugal.com\/ppsjc\/etica-e-compliance\/","title":{"rendered":"\u00c9TICA E COMPLIANCE"},"content":{"rendered":"\n<figure class=\"wp-block-image size-large is-resized\"><img loading=\"lazy\" decoding=\"async\" width=\"1024\" height=\"1024\" src=\"https:\/\/clunyportugal.com\/ppsjc\/wp-content\/uploads\/2025\/05\/etica_logo-1024x1024.png\" alt=\"\" class=\"wp-image-2199\" style=\"width:434px;height:auto\" srcset=\"https:\/\/clunyportugal.com\/ppsjc\/wp-content\/uploads\/2025\/05\/etica_logo-1024x1024.png 1024w, https:\/\/clunyportugal.com\/ppsjc\/wp-content\/uploads\/2025\/05\/etica_logo-300x300.png 300w, https:\/\/clunyportugal.com\/ppsjc\/wp-content\/uploads\/2025\/05\/etica_logo-150x150.png 150w, https:\/\/clunyportugal.com\/ppsjc\/wp-content\/uploads\/2025\/05\/etica_logo-768x768.png 768w, https:\/\/clunyportugal.com\/ppsjc\/wp-content\/uploads\/2025\/05\/etica_logo-1536x1536.png 1536w, https:\/\/clunyportugal.com\/ppsjc\/wp-content\/uploads\/2025\/05\/etica_logo-53x53.png 53w, https:\/\/clunyportugal.com\/ppsjc\/wp-content\/uploads\/2025\/05\/etica_logo-570x570.png 570w, https:\/\/clunyportugal.com\/ppsjc\/wp-content\/uploads\/2025\/05\/etica_logo-380x380.png 380w, https:\/\/clunyportugal.com\/ppsjc\/wp-content\/uploads\/2025\/05\/etica_logo-285x285.png 285w, https:\/\/clunyportugal.com\/ppsjc\/wp-content\/uploads\/2025\/05\/etica_logo.png 1654w\" sizes=\"auto, (max-width: 1024px) 100vw, 1024px\" \/><\/figure>\n\n\n\n<p class=\"has-black-color has-text-color has-link-color wp-elements-f48eb4b38239bfb070d5b6e672a3a371\">A Prov\u00edncia Portuguesa da Congrega\u00e7\u00e3o de S. Jos\u00e9 de Cluny est\u00e1 comprometida com os mais elevados princ\u00edpios de \u00e9tica, integridade e legalidade, baseando a sua conduta no integral respeito pelas leis e regulamentos em vigor.<\/p>\n\n\n\n<hr class=\"wp-block-separator has-alpha-channel-opacity\"\/>\n\n\n\n<h2 class=\"wp-block-heading has-black-color has-text-color has-link-color wp-elements-81c05484b0e4e171af71fbc4e6497990\">C\u00f3digo de \u00c9tica e de Conduta<\/h2>\n\n\n\n<p class=\"has-black-color has-text-color has-link-color wp-elements-f64fa5979dec82494ae3189eef44c7cf\">A Prov\u00edncia Portuguesa da Congrega\u00e7\u00e3o de S. Jos\u00e9 de Cluny disp\u00f5e de um C\u00f3digo de \u00c9tica e Conduta que estabelece valores, princ\u00edpios e modelos de comportamento transversais a todas as atividades e colaboradores.<\/p>\n\n\n\n<p><a href=\"https:\/\/clunyportugal.com\/ppsjc\/wp-content\/uploads\/2025\/05\/CEC_PPCSJC_2025.pdf\" target=\"_blank\" rel=\"noreferrer noopener\">CONSULTE AQUI<\/a><\/p>\n\n\n\n<hr class=\"wp-block-separator has-alpha-channel-opacity\"\/>\n\n\n\n<h2 class=\"wp-block-heading has-black-color has-text-color has-link-color wp-elements-809093f7931555f0b5ddd14e7bd2ced6\">Prote\u00e7\u00e3o e Cuidado de Menores e Adultos em situa\u00e7\u00e3o de Vulnerabilidade<\/h2>\n\n\n\n<p class=\"has-black-color has-text-color has-link-color wp-elements-5f0a68a4ef3fcc489df4292b9b7ad53d\">A Prov\u00edncia Portuguesa da Congrega\u00e7\u00e3o de S. Jos\u00e9 de Cluny disp\u00f5e de um sistema interno de prote\u00e7\u00e3o e cuidado de menores e adultos em situa\u00e7\u00e3o de vulnerabilidade que define diretrizes para garantir um ambiente seguro e acolhedor, promovendo princ\u00edpios de preven\u00e7\u00e3o, atua\u00e7\u00e3o respons\u00e1vel e compromisso \u00e9tico por parte de todos os envolvidos.<\/p>\n\n\n\n<p><a href=\"https:\/\/clunyportugal.com\/ppsjc\/wp-content\/uploads\/2025\/05\/SIPC_PPCSJC_2021.pdf\" target=\"_blank\" rel=\"noreferrer noopener\">CONSULTE AQUI<\/a><\/p>\n\n\n\n<hr class=\"wp-block-separator has-alpha-channel-opacity\"\/>\n\n\n\n<h2 class=\"wp-block-heading has-black-color has-text-color has-link-color wp-elements-f1373cab13530a7166e3b27790b8b019\">Preven\u00e7\u00e3o da Corrup\u00e7\u00e3o<\/h2>\n\n\n\n<p class=\"has-black-color has-text-color has-link-color wp-elements-294561e00bf7be54dda0b81db74ae3ea\">A Prov\u00edncia Portuguesa da Congrega\u00e7\u00e3o de S. Jos\u00e9 de Cluny assume uma pol\u00edtica de toler\u00e2ncia zero perante qualquer situa\u00e7\u00e3o il\u00edcita, em particular no que concerne a fen\u00f3menos de corrup\u00e7\u00e3o e infra\u00e7\u00f5es conexas.<\/p>\n\n\n\n<blockquote class=\"wp-block-quote is-layout-flow wp-block-quote-is-layout-flow\">\n<p class=\"has-small-font-size\"><a href=\"https:\/\/clunyportugal.com\/ppsjc\/wp-content\/uploads\/2025\/05\/PPR_PPCSJC_2025.pdf\" target=\"_blank\" rel=\"noreferrer noopener\">Leia o nosso Plano de Preven\u00e7\u00e3o de Riscos de Corrup\u00e7\u00e3o e Infra\u00e7\u00f5es Conexas<\/a><br><a href=\"https:\/\/clunyportugal.com\/ppsjc\/wp-content\/uploads\/2025\/05\/PF_PPCSJC_2025.pdf\" target=\"_blank\" rel=\"noreferrer noopener\">Saiba mais sobre o nosso Plano de Forma\u00e7\u00e3o para a Preven\u00e7\u00e3o de Corrup\u00e7\u00e3o<\/a><br><a href=\"https:\/\/clunyportugal.com\/ppsjc\/wp-content\/uploads\/2025\/05\/RAA2025.pdf\" target=\"_blank\" rel=\"noreferrer noopener\">Aceda aos nossos Relat\u00f3rios de Avalia\u00e7\u00e3o<\/a><\/p>\n<\/blockquote>\n\n\n\n<p><\/p>\n","protected":false},"excerpt":{"rendered":"<p>A Prov\u00edncia Portuguesa da Congrega\u00e7\u00e3o de S. Jos\u00e9 de Cluny est\u00e1 comprometida com os mais elevados princ\u00edpios de \u00e9tica, integridade e legalidade, baseando a sua conduta no integral respeito pelas leis e regulamentos em vigor. C\u00f3digo de \u00c9tica e de Conduta A Prov\u00edncia Portuguesa da Congrega\u00e7\u00e3o de S. Jos\u00e9 de Cluny disp\u00f5e de um C\u00f3digo [&hellip;]<\/p>\n<p class=\"more-link\"><a href=\"https:\/\/clunyportugal.com\/ppsjc\/etica-e-compliance\/\"  class=\"themebutton\">Read More<\/a><\/p>\n","protected":false},"author":1,"featured_media":2199,"parent":0,"menu_order":0,"comment_status":"closed","ping_status":"closed","template":"","meta":{"footnotes":""},"categories":[],"tags":[],"class_list":["post-2190","page","type-page","status-publish","has-post-thumbnail","hentry"],"_links":{"self":[{"href":"https:\/\/clunyportugal.com\/ppsjc\/wp-json\/wp\/v2\/pages\/2190","targetHints":{"allow":["GET"]}}],"collection":[{"href":"https:\/\/clunyportugal.com\/ppsjc\/wp-json\/wp\/v2\/pages"}],"about":[{"href":"https:\/\/clunyportugal.com\/ppsjc\/wp-json\/wp\/v2\/types\/page"}],"author":[{"embeddable":true,"href":"https:\/\/clunyportugal.com\/ppsjc\/wp-json\/wp\/v2\/users\/1"}],"replies":[{"embeddable":true,"href":"https:\/\/clunyportugal.com\/ppsjc\/wp-json\/wp\/v2\/comments?post=2190"}],"version-history":[{"count":5,"href":"https:\/\/clunyportugal.com\/ppsjc\/wp-json\/wp\/v2\/pages\/2190\/revisions"}],"predecessor-version":[{"id":2203,"href":"https:\/\/clunyportugal.com\/ppsjc\/wp-json\/wp\/v2\/pages\/2190\/revisions\/2203"}],"wp:featuredmedia":[{"embeddable":true,"href":"https:\/\/clunyportugal.com\/ppsjc\/wp-json\/wp\/v2\/media\/2199"}],"wp:attachment":[{"href":"https:\/\/clunyportugal.com\/ppsjc\/wp-json\/wp\/v2\/media?parent=2190"}],"wp:term":[{"taxonomy":"category","embeddable":true,"href":"https:\/\/clunyportugal.com\/ppsjc\/wp-json\/wp\/v2\/categories?post=2190"},{"taxonomy":"post_tag","embeddable":true,"href":"https:\/\/clunyportugal.com\/ppsjc\/wp-json\/wp\/v2\/tags?post=2190"}],"curies":[{"name":"wp","href":"https:\/\/api.w.org\/{rel}","templated":true}]}}

ÉTICA E COMPLIANCE

<figure class="wp-block-image size-large is-resized"><img loading="lazy" decoding="async" width="1024" height="1024" src="https://clunyportugal.com/ppsjc/wp-content/uploads/2025/05/etica_logo-1024x1024.png" alt="" class="wp-image-2199" style="width:434px;height:auto" srcset="https://clunyportugal.com/ppsjc/wp-content/uploads/2025/05/etica_logo-1024x1024.png 1024w, https://clunyportugal.com/ppsjc/wp-content/uploads/2025/05/etica_logo-300x300.png 300w, https://clunyportugal.com/ppsjc/wp-content/uploads/2025/05/etica_logo-150x150.png 150w, https://clunyportugal.com/ppsjc/wp-content/uploads/2025/05/etica_logo-768x768.png 768w, https://clunyportugal.com/ppsjc/wp-content/uploads/2025/05/etica_logo-1536x1536.png 1536w, https://clunyportugal.com/ppsjc/wp-content/uploads/2025/05/etica_logo-53x53.png 53w, https://clunyportugal.com/ppsjc/wp-content/uploads/2025/05/etica_logo-570x570.png 570w, https://clunyportugal.com/ppsjc/wp-content/uploads/2025/05/etica_logo-380x380.png 380w, https://clunyportugal.com/ppsjc/wp-content/uploads/2025/05/etica_logo-285x285.png 285w, https://clunyportugal.com/ppsjc/wp-content/uploads/2025/05/etica_logo.png 1654w" sizes="auto, (max-width: 1024px) 100vw, 1024px" /></figure>



<p class="has-black-color has-text-color has-link-color wp-elements-f48eb4b38239bfb070d5b6e672a3a371">A Província Portuguesa da Congregação de S. José de Cluny está comprometida com os mais elevados princípios de ética, integridade e legalidade, baseando a sua conduta no integral respeito pelas leis e regulamentos em vigor.</p>



<hr class="wp-block-separator has-alpha-channel-opacity"/>



<h2 class="wp-block-heading has-black-color has-text-color has-link-color wp-elements-81c05484b0e4e171af71fbc4e6497990">Código de Ética e de Conduta</h2>



<p class="has-black-color has-text-color has-link-color wp-elements-f64fa5979dec82494ae3189eef44c7cf">A Província Portuguesa da Congregação de S. José de Cluny dispõe de um Código de Ética e Conduta que estabelece valores, princípios e modelos de comportamento transversais a todas as atividades e colaboradores.</p>



<p><a href="https://clunyportugal.com/ppsjc/wp-content/uploads/2025/05/CEC_PPCSJC_2025.pdf" target="_blank" rel="noreferrer noopener">CONSULTE AQUI</a></p>



<hr class="wp-block-separator has-alpha-channel-opacity"/>



<h2 class="wp-block-heading has-black-color has-text-color has-link-color wp-elements-809093f7931555f0b5ddd14e7bd2ced6">Proteção e Cuidado de Menores e Adultos em situação de Vulnerabilidade</h2>



<p class="has-black-color has-text-color has-link-color wp-elements-5f0a68a4ef3fcc489df4292b9b7ad53d">A Província Portuguesa da Congregação de S. José de Cluny dispõe de um sistema interno de proteção e cuidado de menores e adultos em situação de vulnerabilidade que define diretrizes para garantir um ambiente seguro e acolhedor, promovendo princípios de prevenção, atuação responsável e compromisso ético por parte de todos os envolvidos.</p>



<p><a href="https://clunyportugal.com/ppsjc/wp-content/uploads/2025/05/SIPC_PPCSJC_2021.pdf" target="_blank" rel="noreferrer noopener">CONSULTE AQUI</a></p>



<hr class="wp-block-separator has-alpha-channel-opacity"/>



<h2 class="wp-block-heading has-black-color has-text-color has-link-color wp-elements-f1373cab13530a7166e3b27790b8b019">Prevenção da Corrupção</h2>



<p class="has-black-color has-text-color has-link-color wp-elements-294561e00bf7be54dda0b81db74ae3ea">A Província Portuguesa da Congregação de S. José de Cluny assume uma política de tolerância zero perante qualquer situação ilícita, em particular no que concerne a fenómenos de corrupção e infrações conexas.</p>



<blockquote class="wp-block-quote is-layout-flow wp-block-quote-is-layout-flow">
<p class="has-small-font-size"><a href="https://clunyportugal.com/ppsjc/wp-content/uploads/2025/05/PPR_PPCSJC_2025.pdf" target="_blank" rel="noreferrer noopener">Leia o nosso Plano de Prevenção de Riscos de Corrupção e Infrações Conexas</a><br><a href="https://clunyportugal.com/ppsjc/wp-content/uploads/2025/05/PF_PPCSJC_2025.pdf" target="_blank" rel="noreferrer noopener">Saiba mais sobre o nosso Plano de Formação para a Prevenção de Corrupção</a><br><a href="https://clunyportugal.com/ppsjc/wp-content/uploads/2025/05/RAA2025.pdf" target="_blank" rel="noreferrer noopener">Aceda aos nossos Relatórios de Avaliação</a></p>
</blockquote>



<p></p>

<p>A Província Portuguesa da Congregação de S. José de Cluny está comprometida com os mais elevados princípios de ética, integridade e legalidade, baseando a sua conduta no integral respeito pelas leis e regulamentos em vigor. Código de Ética e de Conduta A Província Portuguesa da Congregação de S. José de Cluny dispõe de um Código [&hellip;]</p>
<p class="more-link"><a href="https://clunyportugal.com/ppsjc/etica-e-compliance/"  class="themebutton">Read More</a></p>
