{"id":1840,"date":"2023-05-22T20:30:34","date_gmt":"2023-05-22T20:30:34","guid":{"rendered":"https:\/\/clunyportugal.com\/ppsjc\/?page_id=1840"},"modified":"2023-05-22T20:47:33","modified_gmt":"2023-05-22T20:47:33","slug":"livro-de-reclamacoes","status":"publish","type":"page","link":"https:\/\/clunyportugal.com\/ppsjc\/livro-de-reclamacoes\/","title":{"rendered":"LIVRO DE RECLAMA\u00c7\u00d5ES"},"content":{"rendered":"\n<h2 class=\"wp-block-heading has-black-color has-text-color\">LIVRO DE RECLAMA\u00c7\u00d5ES ELETR\u00d3NICO<\/h2>\n\n\n\n<p class=\"has-black-color has-text-color\">O livro de reclama\u00e7\u00f5es constitui um dos instrumentos que tornam mais acess\u00edvel o exerc\u00edcio do direito de queixa, ao proporcionar ao consumidor a possibilidade de reclamar no local onde o conflito ocorreu.&nbsp;<br>A cria\u00e7\u00e3o deste livro teve por base a preocupa\u00e7\u00e3o com um melhor exerc\u00edcio da cidadania atrav\u00e9s da exig\u00eancia do respeito dos direitos dos consumidores.&nbsp;<\/p>\n\n\n\n<p class=\"has-black-color has-text-color\">A exist\u00eancia e disponibiliza\u00e7\u00e3o do formato eletr\u00f3nico do livro de reclama\u00e7\u00f5es n\u00e3o afasta a disponibiliza\u00e7\u00e3o, em simult\u00e2neo, do formato f\u00edsico do livro de reclama\u00e7\u00f5es.<\/p>\n\n\n\n<p class=\"has-black-color has-text-color\"><strong>Identifica\u00e7\u00e3o da Entidade Titular:&nbsp;&nbsp;<\/strong><br>Prov\u00edncia Portuguesa da Congrega\u00e7\u00e3o S. Jos\u00e9 de Cluny<\/p>\n\n\n\n<figure class=\"wp-block-image size-large is-resized\"><img loading=\"lazy\" decoding=\"async\" src=\"https:\/\/clunyportugal.com\/ppsjc\/wp-content\/uploads\/2023\/05\/livro_reclamacoes-1024x480.webp\" alt=\"\" class=\"wp-image-1841\" width=\"539\" height=\"252\" srcset=\"https:\/\/clunyportugal.com\/ppsjc\/wp-content\/uploads\/2023\/05\/livro_reclamacoes-1024x480.webp 1024w, https:\/\/clunyportugal.com\/ppsjc\/wp-content\/uploads\/2023\/05\/livro_reclamacoes-300x141.webp 300w, https:\/\/clunyportugal.com\/ppsjc\/wp-content\/uploads\/2023\/05\/livro_reclamacoes-768x360.webp 768w, https:\/\/clunyportugal.com\/ppsjc\/wp-content\/uploads\/2023\/05\/livro_reclamacoes-1536x720.webp 1536w, https:\/\/clunyportugal.com\/ppsjc\/wp-content\/uploads\/2023\/05\/livro_reclamacoes.webp 1920w\" sizes=\"auto, (max-width: 539px) 100vw, 539px\" \/><\/figure>\n\n\n\n<p><a href=\"https:\/\/www.livroreclamacoes.pt\/Inicio\/\" target=\"_blank\" rel=\"noreferrer noopener\">ACESSO<\/a><\/p>\n","protected":false},"excerpt":{"rendered":"<p>LIVRO DE RECLAMA\u00c7\u00d5ES ELETR\u00d3NICO O livro de reclama\u00e7\u00f5es constitui um dos instrumentos que tornam mais acess\u00edvel o exerc\u00edcio do direito de queixa, ao proporcionar ao consumidor a possibilidade de reclamar no local onde o conflito ocorreu.&nbsp;A cria\u00e7\u00e3o deste livro teve por base a preocupa\u00e7\u00e3o com um melhor exerc\u00edcio da cidadania atrav\u00e9s da exig\u00eancia do respeito [&hellip;]<\/p>\n<p class=\"more-link\"><a href=\"https:\/\/clunyportugal.com\/ppsjc\/livro-de-reclamacoes\/\"  class=\"themebutton\">Read More<\/a><\/p>\n","protected":false},"author":1,"featured_media":1841,"parent":0,"menu_order":0,"comment_status":"closed","ping_status":"closed","template":"","meta":{"footnotes":""},"categories":[],"tags":[],"class_list":["post-1840","page","type-page","status-publish","has-post-thumbnail","hentry"],"_links":{"self":[{"href":"https:\/\/clunyportugal.com\/ppsjc\/wp-json\/wp\/v2\/pages\/1840","targetHints":{"allow":["GET"]}}],"collection":[{"href":"https:\/\/clunyportugal.com\/ppsjc\/wp-json\/wp\/v2\/pages"}],"about":[{"href":"https:\/\/clunyportugal.com\/ppsjc\/wp-json\/wp\/v2\/types\/page"}],"author":[{"embeddable":true,"href":"https:\/\/clunyportugal.com\/ppsjc\/wp-json\/wp\/v2\/users\/1"}],"replies":[{"embeddable":true,"href":"https:\/\/clunyportugal.com\/ppsjc\/wp-json\/wp\/v2\/comments?post=1840"}],"version-history":[{"count":2,"href":"https:\/\/clunyportugal.com\/ppsjc\/wp-json\/wp\/v2\/pages\/1840\/revisions"}],"predecessor-version":[{"id":1853,"href":"https:\/\/clunyportugal.com\/ppsjc\/wp-json\/wp\/v2\/pages\/1840\/revisions\/1853"}],"wp:featuredmedia":[{"embeddable":true,"href":"https:\/\/clunyportugal.com\/ppsjc\/wp-json\/wp\/v2\/media\/1841"}],"wp:attachment":[{"href":"https:\/\/clunyportugal.com\/ppsjc\/wp-json\/wp\/v2\/media?parent=1840"}],"wp:term":[{"taxonomy":"category","embeddable":true,"href":"https:\/\/clunyportugal.com\/ppsjc\/wp-json\/wp\/v2\/categories?post=1840"},{"taxonomy":"post_tag","embeddable":true,"href":"https:\/\/clunyportugal.com\/ppsjc\/wp-json\/wp\/v2\/tags?post=1840"}],"curies":[{"name":"wp","href":"https:\/\/api.w.org\/{rel}","templated":true}]}}