{"id":1006,"date":"2020-04-30T22:49:37","date_gmt":"2020-04-30T22:49:37","guid":{"rendered":"https:\/\/clunyportugal.com\/ppsjc\/?page_id=1006"},"modified":"2020-04-30T22:58:42","modified_gmt":"2020-04-30T22:58:42","slug":"comite-virtual-cluny-2019-2020","status":"publish","type":"page","link":"https:\/\/clunyportugal.com\/ppsjc\/comite-virtual-cluny-2019-2020\/","title":{"rendered":"COMIT\u00c9 VIRTUAL CLUNY 2019- 2020"},"content":{"rendered":"\n<p class=\"has-medium-font-size\"><strong>RELAT\u00d3RIO DA PROV\u00cdNCIA PORTUGUESA<\/strong><\/p>\n\n\n\n<figure class=\"wp-block-image size-large\"><img loading=\"lazy\" decoding=\"async\" width=\"1024\" height=\"721\" src=\"https:\/\/clunyportugal.com\/ppsjc\/wp-content\/uploads\/2020\/04\/rl_comite-1-1024x721.png\" alt=\"\" class=\"wp-image-1009\" srcset=\"https:\/\/clunyportugal.com\/ppsjc\/wp-content\/uploads\/2020\/04\/rl_comite-1-1024x721.png 1024w, https:\/\/clunyportugal.com\/ppsjc\/wp-content\/uploads\/2020\/04\/rl_comite-1-300x211.png 300w, https:\/\/clunyportugal.com\/ppsjc\/wp-content\/uploads\/2020\/04\/rl_comite-1-768x540.png 768w, https:\/\/clunyportugal.com\/ppsjc\/wp-content\/uploads\/2020\/04\/rl_comite-1.png 1161w\" sizes=\"auto, (max-width: 1024px) 100vw, 1024px\" \/><\/figure>\n\n\n\n<p><strong>PREOCUPA\u00c7\u00d5ES CLOBAIS: <\/strong>Meio Ambiente-Justi\u00e7a Social-Prioridades Capitulares<\/p>\n\n\n\n<p>Nas diferentes casas da Prov\u00edncia Portuguesa, nomeadamente Centros Educativos, Obras Sociais e Casas de Irm\u00e3s idosas, h\u00e1 uma preocupa\u00e7\u00e3o not\u00e1vel na elabora\u00e7\u00e3o de projetos muito simples que envolvem todos os intervenientes nomeadamente:<\/p>\n\n\n\n<p>Alicer\u00e7adas nestes temas, elaboramos pequenos projetos que sejam realiz\u00e1veis de acordo com a natureza da Obra. Nos nossos centros Educativos, como col\u00e9gios, Infant\u00e1rios, Escola Superior de Enfermagem e ainda lar Universit\u00e1rio, estes grandes temas s\u00e3o objeto de reflex\u00e3o e de pr\u00e1tica, mas tamb\u00e9m de forma\u00e7\u00e3o. Nas obras de inser\u00e7\u00e3o social a abordagem destas temas realiza-se em encontros pessoais ou em pequenos grupos de jovens ou idosos.<\/p>\n\n\n\n<p>Em todas as nossas casas desde os Infant\u00e1rios de meninos de 2 anos at\u00e9 \u00e0s casas das Irm\u00e3s de terceira idade, h\u00e1 a preocupa\u00e7\u00e3o de reduzir o consumo de \u00e1gua, de eletricidade, de papel,etc. No trabalho Social que as Irm\u00e3s prestam nos Centros de Dia para idosos, esta mesma abordagem \u00e9 feita a v\u00e1rios n\u00edveis para uma sensibiliza\u00e7\u00e3o ao cuidado da Natureza e da ecologia humana.<\/p>\n\n\n\n<p>No respeitante as Prioridades, cada vez mais, as Irm\u00e3s solicitam a colabora\u00e7\u00e3o dos leigos na miss\u00e3o, na Ora\u00e7\u00e3o e nas atividades da fam\u00edlia cluny.<br>Para exemplificar e comprovar esta pequena s\u00edntese apresentamos algumas fotografias de atividades desenvolvidas:<\/p>\n\n\n\n<p><a rel=\"noreferrer noopener\" href=\"https:\/\/clunyportugal.com\/ppsjc\/wp-content\/uploads\/2020\/04\/relatorio_comite_virtual.pdf\" target=\"_blank\">Consulte aqui<\/a><\/p>\n\n\n\n<p class=\"has-large-font-size\"><strong>ATIVIDADES DESENVOLVIDAS<\/strong><\/p>\n\n\n\n<p>Relat\u00f3rio da Prov\u00edncia Portuguesa das atividades desenvolvidas nas nossas casas religiosas sobre:<\/p>\n\n\n\n<ul class=\"wp-block-list\"><li><strong>Justi\u00e7a Social<\/strong><\/li><li><strong>Meio Ambiente<\/strong><\/li><li><strong>Prioridades<\/strong><\/li><\/ul>\n\n\n\n<p><a rel=\"noreferrer noopener\" href=\"https:\/\/clunyportugal.com\/ppsjc\/wp-content\/uploads\/2020\/04\/relatorio_comite_virtual.pdf\" target=\"_blank\">Co<\/a><a href=\"https:\/\/clunyportugal.com\/ppsjc\/wp-content\/uploads\/2020\/04\/comite_virtual-compactado.pdf\" target=\"_blank\" rel=\"noreferrer noopener\">nsulte aqui<\/a><\/p>\n","protected":false},"excerpt":{"rendered":"<p>RELAT\u00d3RIO DA PROV\u00cdNCIA PORTUGUESA PREOCUPA\u00c7\u00d5ES CLOBAIS: Meio Ambiente-Justi\u00e7a Social-Prioridades Capitulares Nas diferentes casas da Prov\u00edncia Portuguesa, nomeadamente Centros Educativos, Obras Sociais e Casas de Irm\u00e3s idosas, h\u00e1 uma preocupa\u00e7\u00e3o not\u00e1vel na elabora\u00e7\u00e3o de projetos muito simples que envolvem todos os intervenientes nomeadamente: Alicer\u00e7adas nestes temas, elaboramos pequenos projetos que sejam realiz\u00e1veis de acordo com a [&hellip;]<\/p>\n<p class=\"more-link\"><a href=\"https:\/\/clunyportugal.com\/ppsjc\/comite-virtual-cluny-2019-2020\/\"  class=\"themebutton\">Read More<\/a><\/p>\n","protected":false},"author":1,"featured_media":1009,"parent":0,"menu_order":0,"comment_status":"closed","ping_status":"closed","template":"","meta":{"footnotes":""},"categories":[],"tags":[],"class_list":["post-1006","page","type-page","status-publish","has-post-thumbnail","hentry"],"_links":{"self":[{"href":"https:\/\/clunyportugal.com\/ppsjc\/wp-json\/wp\/v2\/pages\/1006","targetHints":{"allow":["GET"]}}],"collection":[{"href":"https:\/\/clunyportugal.com\/ppsjc\/wp-json\/wp\/v2\/pages"}],"about":[{"href":"https:\/\/clunyportugal.com\/ppsjc\/wp-json\/wp\/v2\/types\/page"}],"author":[{"embeddable":true,"href":"https:\/\/clunyportugal.com\/ppsjc\/wp-json\/wp\/v2\/users\/1"}],"replies":[{"embeddable":true,"href":"https:\/\/clunyportugal.com\/ppsjc\/wp-json\/wp\/v2\/comments?post=1006"}],"version-history":[{"count":4,"href":"https:\/\/clunyportugal.com\/ppsjc\/wp-json\/wp\/v2\/pages\/1006\/revisions"}],"predecessor-version":[{"id":1018,"href":"https:\/\/clunyportugal.com\/ppsjc\/wp-json\/wp\/v2\/pages\/1006\/revisions\/1018"}],"wp:featuredmedia":[{"embeddable":true,"href":"https:\/\/clunyportugal.com\/ppsjc\/wp-json\/wp\/v2\/media\/1009"}],"wp:attachment":[{"href":"https:\/\/clunyportugal.com\/ppsjc\/wp-json\/wp\/v2\/media?parent=1006"}],"wp:term":[{"taxonomy":"category","embeddable":true,"href":"https:\/\/clunyportugal.com\/ppsjc\/wp-json\/wp\/v2\/categories?post=1006"},{"taxonomy":"post_tag","embeddable":true,"href":"https:\/\/clunyportugal.com\/ppsjc\/wp-json\/wp\/v2\/tags?post=1006"}],"curies":[{"name":"wp","href":"https:\/\/api.w.org\/{rel}","templated":true}]}}